Last updated on 2023-02-09 07:56:52 CET.
Flavor | Version | Tinstall | Tcheck | Ttotal | Status | Flags |
---|---|---|---|---|---|---|
r-devel-linux-x86_64-debian-clang | 1.0.0 | 7.04 | 53.71 | 60.75 | NOTE | |
r-devel-linux-x86_64-debian-gcc | 1.0.0 | 5.33 | 39.79 | 45.12 | NOTE | |
r-devel-linux-x86_64-fedora-clang | 1.0.0 | 80.48 | NOTE | |||
r-devel-linux-x86_64-fedora-gcc | 1.0.0 | 71.49 | NOTE | |||
r-devel-windows-x86_64 | 1.0.0 | 59.00 | 82.00 | 141.00 | NOTE | |
r-patched-linux-x86_64 | 1.0.0 | 7.35 | 50.82 | 58.17 | OK | |
r-release-linux-x86_64 | 1.0.0 | 6.57 | 52.84 | 59.41 | OK | |
r-release-macos-arm64 | 1.0.0 | 26.00 | NOTE | |||
r-release-macos-x86_64 | 1.0.0 | 50.00 | NOTE | |||
r-release-windows-x86_64 | 1.0.0 | 13.00 | 93.00 | 106.00 | OK | |
r-oldrel-macos-arm64 | 1.0.0 | 29.00 | NOTE | |||
r-oldrel-macos-x86_64 | 1.0.0 | 41.00 | NOTE | |||
r-oldrel-windows-ix86+x86_64 | 1.0.0 | 17.00 | 79.00 | 96.00 | OK |
Version: 1.0.0
Check: Rd files
Result: NOTE
checkRd: (-1) constrained.Rd:49: Escaped LaTeX specials: \&
Flavors: r-devel-linux-x86_64-debian-clang, r-devel-linux-x86_64-debian-gcc, r-devel-linux-x86_64-fedora-clang, r-devel-linux-x86_64-fedora-gcc, r-devel-windows-x86_64
Version: 1.0.0
Check: dependencies in R code
Result: NOTE
Namespaces in Imports field not imported from:
‘Rdpack’ ‘glmnet’
All declared Imports should be used.
Flavors: r-devel-linux-x86_64-fedora-clang, r-devel-linux-x86_64-fedora-gcc, r-release-macos-arm64, r-release-macos-x86_64, r-oldrel-macos-arm64, r-oldrel-macos-x86_64