CRAN Package Check Results for Package IceCast

Last updated on 2021-04-16 08:48:29 CEST.

Flavor Version Tinstall Tcheck Ttotal Status Flags
r-devel-linux-x86_64-debian-clang 2.1.0 50.72 550.57 601.29 OK
r-devel-linux-x86_64-debian-gcc 2.1.0 34.20 389.48 423.68 OK
r-devel-linux-x86_64-fedora-clang 2.1.0 759.52 NOTE
r-devel-linux-x86_64-fedora-gcc 2.1.0 716.28 NOTE
r-devel-windows-ix86+x86_64 2.1.0 117.00 770.00 887.00 OK
r-devel-windows-x86_64-gcc10-UCRT 2.1.0 NOTE
r-patched-linux-x86_64 2.1.0 42.67 522.43 565.10 OK
r-patched-solaris-x86 2.1.0 987.10 NOTE
r-release-linux-x86_64 2.1.0 41.83 511.19 553.02 OK
r-release-macos-x86_64 2.1.0 NOTE
r-release-windows-ix86+x86_64 2.1.0 96.00 817.00 913.00 OK
r-oldrel-macos-x86_64 2.1.0 NOTE
r-oldrel-windows-ix86+x86_64 2.1.0 74.00 572.00 646.00 OK

Check Details

Version: 2.1.0
Check: dependencies in R code
Result: NOTE
    Namespace in Imports field not imported from: ‘coda’
     All declared Imports should be used.
Flavors: r-devel-linux-x86_64-fedora-clang, r-devel-linux-x86_64-fedora-gcc, r-devel-windows-x86_64-gcc10-UCRT, r-patched-solaris-x86, r-release-macos-x86_64, r-oldrel-macos-x86_64