CRAN Package Check Results for Package IncDTW

Last updated on 2024-06-23 08:51:11 CEST.

Flavor Version Tinstall Tcheck Ttotal Status Flags
r-devel-linux-x86_64-debian-clang 1.1.4.4 124.41 99.80 224.21 NOTE
r-devel-linux-x86_64-debian-gcc 1.1.4.4 88.24 73.88 162.12 NOTE
r-devel-linux-x86_64-fedora-clang 1.1.4.4 320.59 NOTE
r-devel-linux-x86_64-fedora-gcc 1.1.4.4 334.75 NOTE
r-devel-windows-x86_64 1.1.4.4 103.00 108.00 211.00 NOTE
r-patched-linux-x86_64 1.1.4.4 115.75 95.44 211.19 NOTE
r-release-linux-x86_64 1.1.4.4 112.92 91.95 204.87 NOTE
r-release-macos-arm64 1.1.4.4 68.00 NOTE
r-release-macos-x86_64 1.1.4.4 89.00 NOTE
r-release-windows-x86_64 1.1.4.4 106.00 108.00 214.00 NOTE
r-oldrel-macos-arm64 1.1.4.4 84.00 NOTE
r-oldrel-macos-x86_64 1.1.4.4 130.00 NOTE
r-oldrel-windows-x86_64 1.1.4.4 125.00 133.00 258.00 NOTE

Check Details

Version: 1.1.4.4
Check: C++ specification
Result: NOTE Specified C++11: please drop specification unless essential Flavors: r-devel-linux-x86_64-debian-clang, r-devel-linux-x86_64-debian-gcc, r-devel-linux-x86_64-fedora-clang, r-devel-linux-x86_64-fedora-gcc, r-devel-windows-x86_64, r-patched-linux-x86_64, r-release-linux-x86_64, r-release-macos-arm64, r-release-macos-x86_64, r-release-windows-x86_64, r-oldrel-macos-arm64, r-oldrel-macos-x86_64, r-oldrel-windows-x86_64

Version: 1.1.4.4
Check: for GNU extensions in Makefiles
Result: NOTE GNU make is a SystemRequirements. Flavors: r-devel-linux-x86_64-debian-clang, r-devel-linux-x86_64-debian-gcc, r-devel-linux-x86_64-fedora-clang, r-devel-linux-x86_64-fedora-gcc, r-devel-windows-x86_64, r-patched-linux-x86_64, r-release-linux-x86_64, r-release-macos-arm64, r-release-macos-x86_64, r-release-windows-x86_64, r-oldrel-macos-arm64, r-oldrel-macos-x86_64, r-oldrel-windows-x86_64

Version: 1.1.4.4
Check: installed package size
Result: NOTE installed size is 6.8Mb sub-directories of 1Mb or more: libs 5.1Mb Flavors: r-release-macos-arm64, r-release-macos-x86_64, r-oldrel-macos-arm64, r-oldrel-macos-x86_64