Last updated on 2024-04-23 08:58:03 CEST.
Flavor | Version | Tinstall | Tcheck | Ttotal | Status | Flags |
---|---|---|---|---|---|---|
r-devel-linux-x86_64-debian-clang | 2.3.0 | 10.56 | 156.39 | 166.95 | NOTE | |
r-devel-linux-x86_64-debian-gcc | 2.3.0 | 7.06 | 113.83 | 120.89 | NOTE | |
r-devel-linux-x86_64-fedora-clang | 2.3.0 | 205.97 | NOTE | |||
r-devel-linux-x86_64-fedora-gcc | 2.3.0 | 205.80 | NOTE | |||
r-prerel-macos-arm64 | 2.3.0 | 66.00 | NOTE | |||
r-prerel-windows-x86_64 | 2.3.0 | 11.00 | 150.00 | 161.00 | NOTE | |
r-patched-linux-x86_64 | 2.3.0 | 11.23 | 143.68 | 154.91 | NOTE | |
r-release-linux-x86_64 | 2.3.0 | 12.63 | 146.69 | 159.32 | NOTE | |
r-release-macos-arm64 | 2.3.0 | 69.00 | NOTE | |||
r-release-macos-x86_64 | 2.3.0 | 123.00 | NOTE | |||
r-release-windows-x86_64 | 2.3.0 | 15.00 | 166.00 | 181.00 | NOTE | |
r-oldrel-macos-arm64 | 2.3.0 | 57.00 | NOTE | |||
r-oldrel-windows-x86_64 | 2.3.0 | 16.00 | 163.00 | 179.00 | NOTE |
Version: 2.3.0
Check: Rd files
Result: NOTE
checkRd: (-1) saveFile.Rd:15: Lost braces; missing escapes or markup?
15 | \code{saveFile} Saves a csv report with the following columns: Convex Hull Area, Convex Hull Centroid X, Convex Hull Centroid Y, Sample Size, Ichen, Iscaled, pvalue , Mean, MeanScaled, STD DEV, SDScaled, Q_{1\%}, Q_{1\%Scaled}, $Q_{99\%}, Q_{99\%Scaled}, Max, Max_{Scaled}, Min, Min_{Scaled}, Skew,Skew_Scaled, Kutorsis,Kutorsis_Scaled.
| ^
checkRd: (-1) saveFile.Rd:15: Lost braces; missing escapes or markup?
15 | \code{saveFile} Saves a csv report with the following columns: Convex Hull Area, Convex Hull Centroid X, Convex Hull Centroid Y, Sample Size, Ichen, Iscaled, pvalue , Mean, MeanScaled, STD DEV, SDScaled, Q_{1\%}, Q_{1\%Scaled}, $Q_{99\%}, Q_{99\%Scaled}, Max, Max_{Scaled}, Min, Min_{Scaled}, Skew,Skew_Scaled, Kutorsis,Kutorsis_Scaled.
| ^
checkRd: (-1) saveFile.Rd:15: Lost braces; missing escapes or markup?
15 | \code{saveFile} Saves a csv report with the following columns: Convex Hull Area, Convex Hull Centroid X, Convex Hull Centroid Y, Sample Size, Ichen, Iscaled, pvalue , Mean, MeanScaled, STD DEV, SDScaled, Q_{1\%}, Q_{1\%Scaled}, $Q_{99\%}, Q_{99\%Scaled}, Max, Max_{Scaled}, Min, Min_{Scaled}, Skew,Skew_Scaled, Kutorsis,Kutorsis_Scaled.
| ^
checkRd: (-1) saveFile.Rd:15: Lost braces; missing escapes or markup?
15 | \code{saveFile} Saves a csv report with the following columns: Convex Hull Area, Convex Hull Centroid X, Convex Hull Centroid Y, Sample Size, Ichen, Iscaled, pvalue , Mean, MeanScaled, STD DEV, SDScaled, Q_{1\%}, Q_{1\%Scaled}, $Q_{99\%}, Q_{99\%Scaled}, Max, Max_{Scaled}, Min, Min_{Scaled}, Skew,Skew_Scaled, Kutorsis,Kutorsis_Scaled.
| ^
checkRd: (-1) saveFile.Rd:15: Lost braces; missing escapes or markup?
15 | \code{saveFile} Saves a csv report with the following columns: Convex Hull Area, Convex Hull Centroid X, Convex Hull Centroid Y, Sample Size, Ichen, Iscaled, pvalue , Mean, MeanScaled, STD DEV, SDScaled, Q_{1\%}, Q_{1\%Scaled}, $Q_{99\%}, Q_{99\%Scaled}, Max, Max_{Scaled}, Min, Min_{Scaled}, Skew,Skew_Scaled, Kutorsis,Kutorsis_Scaled.
| ^
checkRd: (-1) saveFile.Rd:15: Lost braces; missing escapes or markup?
15 | \code{saveFile} Saves a csv report with the following columns: Convex Hull Area, Convex Hull Centroid X, Convex Hull Centroid Y, Sample Size, Ichen, Iscaled, pvalue , Mean, MeanScaled, STD DEV, SDScaled, Q_{1\%}, Q_{1\%Scaled}, $Q_{99\%}, Q_{99\%Scaled}, Max, Max_{Scaled}, Min, Min_{Scaled}, Skew,Skew_Scaled, Kutorsis,Kutorsis_Scaled.
| ^
Flavors: r-devel-linux-x86_64-debian-clang, r-devel-linux-x86_64-debian-gcc, r-devel-linux-x86_64-fedora-clang, r-devel-linux-x86_64-fedora-gcc, r-prerel-macos-arm64, r-prerel-windows-x86_64, r-patched-linux-x86_64
Version: 2.3.0
Check: LazyData
Result: NOTE
'LazyData' is specified without a 'data' directory
Flavors: r-devel-linux-x86_64-debian-clang, r-devel-linux-x86_64-debian-gcc, r-devel-linux-x86_64-fedora-clang, r-devel-linux-x86_64-fedora-gcc, r-prerel-macos-arm64, r-prerel-windows-x86_64, r-patched-linux-x86_64, r-release-linux-x86_64, r-release-macos-arm64, r-release-macos-x86_64, r-release-windows-x86_64, r-oldrel-macos-arm64, r-oldrel-windows-x86_64