CRAN Package Check Results for Package IsoriX

Last updated on 2021-04-22 08:48:21 CEST.

Flavor Version Tinstall Tcheck Ttotal Status Flags
r-devel-linux-x86_64-debian-clang 0.8.2 33.88 378.82 412.70 OK
r-devel-linux-x86_64-debian-gcc 0.8.2 26.08 287.96 314.04 OK
r-devel-linux-x86_64-fedora-clang 0.8.2 497.30 OK
r-devel-linux-x86_64-fedora-gcc 0.8.2 507.77 OK
r-devel-windows-ix86+x86_64 0.8.2 68.00 422.00 490.00 OK
r-devel-windows-x86_64-gcc10-UCRT 0.8.2 NOTE
r-patched-linux-x86_64 0.8.2 29.63 368.13 397.76 WARN
r-patched-solaris-x86 0.8.2 675.50 OK
r-release-linux-x86_64 0.8.2 32.74 368.85 401.59 OK
r-release-macos-x86_64 0.8.2 OK
r-release-windows-ix86+x86_64 0.8.2 69.00 443.00 512.00 OK
r-oldrel-macos-x86_64 0.8.2 OK
r-oldrel-windows-ix86+x86_64 0.8.2 64.00 411.00 475.00 OK

Check Details

Version: 0.8.2
Check: package dependencies
Result: NOTE
    Package suggested but not available for checking: 'rgl'
Flavor: r-devel-windows-x86_64-gcc10-UCRT

Version: 0.8.2
Check: whether package can be installed
Result: WARN
    Found the following significant warnings:
     Rd warning: /tmp/RtmpSaBYDO/R.INSTALL2ac12ae0e030/IsoriX/man/getelev.Rd:39: file link ‘tools’ in package ‘tools’ does not exist and so has been treated as a topic
Flavor: r-patched-linux-x86_64