CRAN Package Check Results for Package IsotopeR

Last updated on 2021-07-25 08:50:59 CEST.

Flavor Version Tinstall Tcheck Ttotal Status Flags
r-devel-linux-x86_64-debian-clang 0.5.4 3.87 43.29 47.16 OK
r-devel-linux-x86_64-debian-gcc 0.5.4 3.15 33.91 37.06 OK
r-devel-linux-x86_64-fedora-clang 0.5.4 65.99 OK
r-devel-linux-x86_64-fedora-gcc 0.5.4 56.02 OK
r-devel-windows-x86_64 0.5.4 5.00 53.00 58.00 OK
r-devel-windows-x86_64-gcc10-UCRT 0.5.4 OK
r-patched-linux-x86_64 0.5.4 4.49 42.18 46.67 OK
r-patched-solaris-x86 0.5.4 79.40 OK
r-release-linux-x86_64 0.5.4 3.89 41.67 45.56 OK
r-release-macos-arm64 0.5.4 ERROR
r-release-macos-x86_64 0.5.4 OK
r-release-windows-ix86+x86_64 0.5.4 8.00 54.00 62.00 OK
r-oldrel-macos-x86_64 0.5.4 OK
r-oldrel-windows-ix86+x86_64 0.5.4 27.00 58.00 85.00 OK

Check Details

Version: 0.5.4
Check: package dependencies
Result: ERROR
    Package required but not available: ‘runjags’
    
    See section ‘The DESCRIPTION file’ in the ‘Writing R Extensions’
    manual.
Flavor: r-release-macos-arm64