Last updated on 2024-03-12 07:49:57 CET.
Flavor | Version | Tinstall | Tcheck | Ttotal | Status | Flags |
---|---|---|---|---|---|---|
r-devel-linux-x86_64-debian-clang | 1.0.1 | 1.91 | 28.64 | 30.55 | NOTE | |
r-devel-linux-x86_64-debian-gcc | 1.0.1 | 2.34 | 22.19 | 24.53 | NOTE | |
r-devel-linux-x86_64-fedora-clang | 1.0.1 | 39.48 | NOTE | |||
r-devel-linux-x86_64-fedora-gcc | 1.0.1 | 37.69 | NOTE | |||
r-devel-windows-x86_64 | 1.0.1 | 4.00 | 45.00 | 49.00 | NOTE | |
r-patched-linux-x86_64 | 1.0.1 | 2.30 | 27.90 | 30.20 | NOTE | |
r-release-linux-x86_64 | 1.0.1 | 3.39 | 28.74 | 32.13 | NOTE | |
r-release-macos-arm64 | 1.0.1 | 15.00 | NOTE | |||
r-release-macos-x86_64 | 1.0.1 | 23.00 | NOTE | |||
r-release-windows-x86_64 | 1.0.1 | 5.00 | 46.00 | 51.00 | NOTE | |
r-oldrel-macos-arm64 | 1.0.1 | 17.00 | NOTE | |||
r-oldrel-windows-x86_64 | 1.0.1 | 5.00 | 46.00 | 51.00 | NOTE |
Version: 1.0.1
Check: LazyData
Result: NOTE
'LazyData' is specified without a 'data' directory
Flavors: r-devel-linux-x86_64-debian-clang, r-devel-linux-x86_64-debian-gcc, r-devel-linux-x86_64-fedora-clang, r-devel-linux-x86_64-fedora-gcc, r-devel-windows-x86_64, r-patched-linux-x86_64, r-release-linux-x86_64, r-release-macos-arm64, r-release-macos-x86_64, r-release-windows-x86_64, r-oldrel-macos-arm64, r-oldrel-windows-x86_64