CRAN Package Check Results for Package KernSmoothIRT

Last updated on 2021-07-29 09:53:28 CEST.

Flavor Version Tinstall Tcheck Ttotal Status Flags
r-devel-linux-x86_64-debian-clang 6.4 OK
r-devel-linux-x86_64-debian-gcc 6.4 22.29 37.99 60.28 OK
r-devel-linux-x86_64-fedora-clang 6.4 113.50 NOTE
r-devel-linux-x86_64-fedora-gcc 6.4 97.49 NOTE
r-devel-windows-x86_64 6.4 34.00 82.00 116.00 OK
r-devel-windows-x86_64-gcc10-UCRT 6.4 OK
r-patched-linux-x86_64 6.4 25.86 47.42 73.28 OK
r-patched-solaris-x86 6.4 116.10 OK
r-release-linux-x86_64 6.4 26.78 47.62 74.40 OK
r-release-macos-arm64 6.4 OK
r-release-macos-x86_64 6.4 OK
r-release-windows-ix86+x86_64 6.4 80.00 76.00 156.00 OK
r-oldrel-macos-x86_64 6.4 OK
r-oldrel-windows-ix86+x86_64 6.4 58.00 111.00 169.00 OK

Check Details

Version: 6.4
Check: compiled code
Result: NOTE
    File ‘KernSmoothIRT/libs/KernSmoothIRT.so’:
     Found no calls to: ‘R_registerRoutines’, ‘R_useDynamicSymbols’
    
    It is good practice to register native routines and to disable symbol
    search.
    
    See ‘Writing portable packages’ in the ‘Writing R Extensions’ manual.
Flavors: r-devel-linux-x86_64-fedora-clang, r-devel-linux-x86_64-fedora-gcc