CRAN Package Check Results for Package KernelKnn

Last updated on 2024-05-23 08:55:59 CEST.

Flavor Version Tinstall Tcheck Ttotal Status Flags
r-devel-linux-x86_64-debian-clang 1.1.5 38.70 87.10 125.80 NOTE
r-devel-linux-x86_64-debian-gcc 1.1.5 28.05 64.54 92.59 NOTE
r-devel-linux-x86_64-fedora-clang 1.1.5 170.29 NOTE
r-devel-linux-x86_64-fedora-gcc 1.1.5 178.99 NOTE
r-devel-windows-x86_64 1.1.5 32.00 112.00 144.00 NOTE
r-patched-linux-x86_64 1.1.5 32.67 82.99 115.66 NOTE
r-release-linux-x86_64 1.1.5 36.02 82.85 118.87 NOTE
r-release-macos-arm64 1.1.5 49.00 NOTE
r-release-windows-x86_64 1.1.5 35.00 108.00 143.00 NOTE
r-oldrel-macos-arm64 1.1.5 58.00 NOTE
r-oldrel-macos-x86_64 1.1.5 91.00 NOTE
r-oldrel-windows-x86_64 1.1.5 39.00 130.00 169.00 NOTE

Check Details

Version: 1.1.5
Check: C++ specification
Result: NOTE Specified C++11: please drop specification unless essential Flavors: r-devel-linux-x86_64-debian-clang, r-devel-linux-x86_64-debian-gcc, r-devel-linux-x86_64-fedora-clang, r-devel-linux-x86_64-fedora-gcc, r-devel-windows-x86_64, r-patched-linux-x86_64, r-release-linux-x86_64, r-release-macos-arm64, r-release-windows-x86_64, r-oldrel-macos-arm64, r-oldrel-macos-x86_64, r-oldrel-windows-x86_64