Last updated on 2024-04-18 08:54:35 CEST.
Flavor | Version | Tinstall | Tcheck | Ttotal | Status | Flags |
---|---|---|---|---|---|---|
r-devel-linux-x86_64-debian-clang | 0.3.0 | 12.28 | 174.17 | 186.45 | NOTE | |
r-devel-linux-x86_64-debian-gcc | 0.3.0 | 8.97 | 124.92 | 133.89 | NOTE | |
r-devel-linux-x86_64-fedora-clang | 0.3.0 | 225.16 | NOTE | |||
r-devel-linux-x86_64-fedora-gcc | 0.3.0 | 239.50 | NOTE | |||
r-prerel-macos-arm64 | 0.3.0 | 73.00 | NOTE | |||
r-prerel-windows-x86_64 | 0.3.0 | 14.00 | 163.00 | 177.00 | NOTE | |
r-patched-linux-x86_64 | 0.3.0 | 14.12 | 162.27 | 176.39 | NOTE | |
r-release-linux-x86_64 | 0.3.0 | 7.95 | 165.77 | 173.72 | OK | |
r-release-macos-arm64 | 0.3.0 | 65.00 | OK | |||
r-release-macos-x86_64 | 0.3.0 | 157.00 | OK | |||
r-release-windows-x86_64 | 0.3.0 | 15.00 | 192.00 | 207.00 | OK | |
r-oldrel-macos-arm64 | 0.3.0 | 68.00 | OK | |||
r-oldrel-windows-x86_64 | 0.3.0 | 17.00 | 201.00 | 218.00 | OK |
Version: 0.3.0
Check: Rd files
Result: NOTE
checkRd: (-1) TS_diagnostics_plot.Rd:19: Lost braces
19 | \item{interactive}{\code{logical} input, should be code{TRUE} unless
| ^
checkRd: (-1) plot.TS_fit.Rd:29: Lost braces
29 | \item{interactive}{\code{logical} input, should be code{TRUE} unless
| ^
Flavors: r-devel-linux-x86_64-debian-clang, r-devel-linux-x86_64-debian-gcc, r-devel-linux-x86_64-fedora-clang, r-devel-linux-x86_64-fedora-gcc, r-prerel-macos-arm64, r-prerel-windows-x86_64, r-patched-linux-x86_64