Last updated on 2024-08-31 08:48:15 CEST.
Flavor | Version | Tinstall | Tcheck | Ttotal | Status | Flags |
---|---|---|---|---|---|---|
r-devel-linux-x86_64-debian-clang | 1.10 | 7.52 | 65.18 | 72.70 | NOTE | |
r-devel-linux-x86_64-debian-gcc | 1.10 | 5.68 | 48.91 | 54.59 | NOTE | |
r-devel-linux-x86_64-fedora-clang | 1.10 | 117.71 | NOTE | |||
r-devel-linux-x86_64-fedora-gcc | 1.10 | 126.87 | NOTE | |||
r-devel-windows-x86_64 | 1.10 | 9.00 | 77.00 | 86.00 | NOTE | |
r-patched-linux-x86_64 | 1.10 | 7.20 | 62.15 | 69.35 | NOTE | |
r-release-linux-x86_64 | 1.10 | 6.91 | 61.76 | 68.67 | NOTE | |
r-release-macos-arm64 | 1.10 | 41.00 | NOTE | |||
r-release-macos-x86_64 | 1.10 | 62.00 | NOTE | |||
r-release-windows-x86_64 | 1.10 | 9.00 | 85.00 | 94.00 | NOTE | |
r-oldrel-macos-arm64 | 1.10 | 44.00 | NOTE | |||
r-oldrel-macos-x86_64 | 1.10 | 79.00 | NOTE | |||
r-oldrel-windows-x86_64 | 1.10 | 12.00 | 95.00 | 107.00 | NOTE |
Version: 1.10
Check: LazyData
Result: NOTE
'LazyData' is specified without a 'data' directory
Flavors: r-devel-linux-x86_64-debian-clang, r-devel-linux-x86_64-debian-gcc, r-devel-linux-x86_64-fedora-clang, r-devel-linux-x86_64-fedora-gcc, r-devel-windows-x86_64, r-patched-linux-x86_64, r-release-linux-x86_64, r-release-macos-arm64, r-release-macos-x86_64, r-release-windows-x86_64, r-oldrel-macos-arm64, r-oldrel-macos-x86_64, r-oldrel-windows-x86_64
Version: 1.10
Check: dependencies in R code
Result: NOTE
Namespaces in Imports field not imported from:
‘devtools’ ‘reticulate’ ‘tensorflow’
All declared Imports should be used.
Flavors: r-devel-linux-x86_64-fedora-clang, r-devel-linux-x86_64-fedora-gcc