Last updated on 2024-03-12 07:49:57 CET.
Flavor | Version | Tinstall | Tcheck | Ttotal | Status | Flags |
---|---|---|---|---|---|---|
r-devel-linux-x86_64-debian-clang | 3.0 | 15.96 | 115.41 | 131.37 | NOTE | |
r-devel-linux-x86_64-debian-gcc | 3.0 | 13.12 | 88.44 | 101.56 | NOTE | |
r-devel-linux-x86_64-fedora-clang | 3.0 | 161.99 | NOTE | |||
r-devel-linux-x86_64-fedora-gcc | 3.0 | 157.88 | NOTE | |||
r-devel-windows-x86_64 | 3.0 | 14.00 | 100.00 | 114.00 | NOTE | |
r-patched-linux-x86_64 | 3.0 | 12.89 | 114.66 | 127.55 | OK | |
r-release-linux-x86_64 | 3.0 | 10.50 | 116.06 | 126.56 | OK | |
r-release-macos-arm64 | 3.0 | 58.00 | OK | |||
r-release-macos-x86_64 | 3.0 | 93.00 | OK | |||
r-release-windows-x86_64 | 3.0 | 17.00 | 118.00 | 135.00 | OK | |
r-oldrel-macos-arm64 | 3.0 | 54.00 | OK | |||
r-oldrel-windows-x86_64 | 3.0 | 17.00 | 123.00 | 140.00 | OK |
Version: 3.0
Check: Rd files
Result: NOTE
checkRd: (-1) relLik.Rd:16: Lost braces
16 | \item{AIC(x), BIC(x) }{The \code{AIC} or ]code{BIC} value of the first model object.}
| ^
checkRd: (-1) relLik.Rd:17: Lost braces
17 | \item{AIC(y), BIC(y) }{The \code{AIC} or ]code{BIC} value of the second model object.}
| ^
Flavors: r-devel-linux-x86_64-debian-clang, r-devel-linux-x86_64-debian-gcc, r-devel-linux-x86_64-fedora-clang, r-devel-linux-x86_64-fedora-gcc, r-devel-windows-x86_64