Last updated on 2024-03-12 07:49:57 CET.
Flavor | Version | Tinstall | Tcheck | Ttotal | Status | Flags |
---|---|---|---|---|---|---|
r-devel-linux-x86_64-debian-clang | 3.1.2 | 38.08 | 298.79 | 336.87 | WARN | |
r-devel-linux-x86_64-debian-gcc | 3.1.2 | 27.47 | 214.50 | 241.97 | OK | |
r-devel-linux-x86_64-fedora-clang | 3.1.2 | 401.98 | NOTE | |||
r-devel-linux-x86_64-fedora-gcc | 3.1.2 | 406.02 | OK | |||
r-devel-windows-x86_64 | 3.1.2 | 34.00 | 225.00 | 259.00 | OK | |
r-patched-linux-x86_64 | 3.1.2 | 35.33 | 277.24 | 312.57 | OK | |
r-release-linux-x86_64 | 3.1.2 | 27.96 | 282.76 | 310.72 | OK | |
r-release-macos-arm64 | 3.1.2 | 113.00 | OK | |||
r-release-macos-x86_64 | 3.1.2 | 224.00 | OK | |||
r-release-windows-x86_64 | 3.1.2 | 42.00 | 269.00 | 311.00 | OK | |
r-oldrel-macos-arm64 | 3.1.2 | 86.00 | OK | |||
r-oldrel-windows-x86_64 | 3.1.2 | 41.00 | 254.00 | 295.00 | OK |
Version: 3.1.2
Check: whether package can be installed
Result: WARN
Found the following significant warnings:
flang-new: warning: argument unused during compilation: '-Wall' [-Wunused-command-line-argument]
See ‘/home/hornik/tmp/R.check/r-devel-clang/Work/PKGS/LMest.Rcheck/00install.out’ for details.
* used C compiler: ‘Debian clang version 18.1.0 (rc4-1)’
* used Fortran compiler: ‘Debian flang-new version 18.1.0 (rc4-1)’
Flavor: r-devel-linux-x86_64-debian-clang
Version: 3.1.2
Check: installed package size
Result: NOTE
installed size is 7.2Mb
sub-directories of 1Mb or more:
libs 5.5Mb
Flavor: r-devel-linux-x86_64-fedora-clang