CRAN Package Check Results for Package LPKsample

Last updated on 2021-06-21 08:49:53 CEST.

Flavor Version Tinstall Tcheck Ttotal Status Flags
r-devel-linux-x86_64-debian-clang 2.1 10.49 91.70 102.19 OK
r-devel-linux-x86_64-debian-gcc 2.1 9.49 67.75 77.24 OK
r-devel-linux-x86_64-fedora-clang 2.1 129.07 OK
r-devel-linux-x86_64-fedora-gcc 2.1 121.60 OK
r-devel-windows-x86_64 2.1 16.00 105.00 121.00 OK
r-devel-windows-x86_64-gcc10-UCRT 2.1 ERROR
r-patched-linux-x86_64 2.1 9.04 84.86 93.90 OK
r-patched-solaris-x86 2.1 177.70 OK
r-release-linux-x86_64 2.1 9.27 85.15 94.42 OK
r-release-macos-arm64 2.1 OK
r-release-macos-x86_64 2.1 OK
r-release-windows-ix86+x86_64 2.1 25.00 111.00 136.00 OK
r-oldrel-macos-x86_64 2.1 OK

Check Details

Version: 2.1
Check: package dependencies
Result: ERROR
    Package required but not available: 'LPGraph'
    
    See section 'The DESCRIPTION file' in the 'Writing R Extensions'
    manual.
Flavor: r-devel-windows-x86_64-gcc10-UCRT