CRAN Package Check Results for Package LSDsensitivity

Last updated on 2021-05-14 09:50:56 CEST.

Flavor Version Tinstall Tcheck Ttotal Status Flags
r-devel-linux-x86_64-debian-clang 0.3.2 4.34 36.06 40.40 NOTE
r-devel-linux-x86_64-debian-gcc 0.3.2 3.87 27.23 31.10 NOTE
r-devel-linux-x86_64-fedora-clang 0.3.2 57.83 NOTE
r-devel-linux-x86_64-fedora-gcc 0.3.2 46.23 NOTE
r-devel-windows-ix86+x86_64 0.3.2 10.00 51.00 61.00 NOTE
r-devel-windows-x86_64-gcc10-UCRT 0.3.2 NOTE
r-patched-linux-x86_64 0.3.2 5.05 34.41 39.46 NOTE
r-patched-solaris-x86 0.3.2 65.10 NOTE
r-release-linux-x86_64 0.3.2 3.89 33.46 37.35 OK
r-release-macos-x86_64 0.3.2 OK
r-release-windows-ix86+x86_64 0.3.2 8.00 50.00 58.00 OK
r-oldrel-macos-x86_64 0.3.2 OK
r-oldrel-windows-ix86+x86_64 0.3.2 8.00 4.00 12.00 ERROR

Check Details

Version: 0.3.2
Check: LazyData
Result: NOTE
     'LazyData' is specified without a 'data' directory
Flavors: r-devel-linux-x86_64-debian-clang, r-devel-linux-x86_64-debian-gcc, r-devel-linux-x86_64-fedora-clang, r-devel-linux-x86_64-fedora-gcc, r-devel-windows-ix86+x86_64, r-devel-windows-x86_64-gcc10-UCRT, r-patched-linux-x86_64, r-patched-solaris-x86

Version: 0.3.2
Check: whether package can be installed
Result: ERROR
    Installation failed.
    See * DONE
Flavor: r-oldrel-windows-ix86+x86_64