Last updated on 2023-01-28 08:00:38 CET.
Flavor | Version | Tinstall | Tcheck | Ttotal | Status | Flags |
---|---|---|---|---|---|---|
r-devel-linux-x86_64-debian-clang | 2.1 | 6.09 | 84.33 | 90.42 | NOTE | |
r-devel-linux-x86_64-debian-gcc | 2.1 | 4.37 | 60.65 | 65.02 | NOTE | |
r-devel-linux-x86_64-fedora-clang | 2.1 | 106.73 | NOTE | |||
r-devel-linux-x86_64-fedora-gcc | 2.1 | 122.54 | NOTE | |||
r-devel-windows-x86_64 | 2.1 | 18.00 | 105.00 | 123.00 | NOTE | |
r-patched-linux-x86_64 | 2.1 | 5.31 | 80.09 | 85.40 | OK | |
r-release-linux-x86_64 | 2.1 | 4.69 | 79.78 | 84.47 | OK | |
r-release-macos-arm64 | 2.1 | 30.00 | NOTE | |||
r-release-macos-x86_64 | 2.1 | 55.00 | NOTE | |||
r-release-windows-x86_64 | 2.1 | 18.00 | 157.00 | 175.00 | OK | |
r-oldrel-macos-arm64 | 2.1 | 32.00 | NOTE | |||
r-oldrel-macos-x86_64 | 2.1 | 44.00 | NOTE | |||
r-oldrel-windows-ix86+x86_64 | 2.1 | 15.00 | 105.00 | 120.00 | OK |
Version: 2.1
Check: Rd files
Result: NOTE
checkRd: (-1) LS.kalman.Rd:65: Escaped LaTeX specials: \&
checkRd: (-1) spectral.density.Rd:55: Escaped LaTeX specials: \&
Flavors: r-devel-linux-x86_64-debian-clang, r-devel-linux-x86_64-debian-gcc, r-devel-linux-x86_64-fedora-clang, r-devel-linux-x86_64-fedora-gcc, r-devel-windows-x86_64
Version: 2.1
Check: dependencies in R code
Result: NOTE
Namespace in Imports field not imported from: ‘Rdpack’
All declared Imports should be used.
Flavors: r-devel-linux-x86_64-fedora-clang, r-devel-linux-x86_64-fedora-gcc, r-release-macos-arm64, r-release-macos-x86_64, r-oldrel-macos-arm64, r-oldrel-macos-x86_64