Last updated on 2024-03-12 07:49:58 CET.
Flavor | Version | Tinstall | Tcheck | Ttotal | Status | Flags |
---|---|---|---|---|---|---|
r-devel-linux-x86_64-debian-clang | 1.1.0 | 10.64 | 92.94 | 103.58 | NOTE | |
r-devel-linux-x86_64-debian-gcc | 1.1.0 | 7.41 | 73.24 | 80.65 | NOTE | |
r-devel-linux-x86_64-fedora-clang | 1.1.0 | 134.66 | NOTE | |||
r-devel-linux-x86_64-fedora-gcc | 1.1.0 | 140.43 | NOTE | |||
r-devel-windows-x86_64 | 1.1.0 | 8.00 | 94.00 | 102.00 | NOTE | |
r-patched-linux-x86_64 | 1.1.0 | 10.25 | 90.41 | 100.66 | NOTE | |
r-release-linux-x86_64 | 1.1.0 | 9.25 | 91.09 | 100.34 | NOTE | |
r-release-macos-arm64 | 1.1.0 | 50.00 | NOTE | |||
r-release-macos-x86_64 | 1.1.0 | 86.00 | NOTE | |||
r-release-windows-x86_64 | 1.1.0 | 10.00 | 105.00 | 115.00 | NOTE | |
r-oldrel-macos-arm64 | 1.1.0 | 47.00 | NOTE | |||
r-oldrel-windows-x86_64 | 1.1.0 | 11.00 | 101.00 | 112.00 | NOTE |
Version: 1.1.0
Check: LazyData
Result: NOTE
'LazyData' is specified without a 'data' directory
Flavors: r-devel-linux-x86_64-debian-clang, r-devel-linux-x86_64-debian-gcc, r-devel-linux-x86_64-fedora-clang, r-devel-linux-x86_64-fedora-gcc, r-devel-windows-x86_64, r-patched-linux-x86_64, r-release-linux-x86_64, r-release-macos-arm64, r-release-macos-x86_64, r-release-windows-x86_64, r-oldrel-macos-arm64, r-oldrel-windows-x86_64
Version: 1.1.0
Check: Rd cross-references
Result: NOTE
Undeclared package ‘zoo’ in Rd xrefs
Flavor: r-devel-linux-x86_64-fedora-clang