CRAN Package Check Results for Package LabRS

Last updated on 2021-07-29 09:53:28 CEST.

Flavor Version Tinstall Tcheck Ttotal Status Flags
r-devel-linux-x86_64-debian-clang 0.1.0 NOTE
r-devel-linux-x86_64-debian-gcc 0.1.0 1.75 20.34 22.09 NOTE
r-devel-linux-x86_64-fedora-clang 0.1.0 42.74 NOTE
r-devel-linux-x86_64-fedora-gcc 0.1.0 33.16 NOTE
r-devel-windows-x86_64 0.1.0 4.00 43.00 47.00 OK
r-devel-windows-x86_64-gcc10-UCRT 0.1.0 OK
r-patched-linux-x86_64 0.1.0 2.46 24.76 27.22 NOTE
r-patched-solaris-x86 0.1.0 52.70 NOTE
r-release-linux-x86_64 0.1.0 2.34 24.80 27.14 NOTE
r-release-macos-arm64 0.1.0 OK
r-release-macos-x86_64 0.1.0 OK
r-release-windows-ix86+x86_64 0.1.0 5.00 43.00 48.00 OK
r-oldrel-macos-x86_64 0.1.0 OK
r-oldrel-windows-ix86+x86_64 0.1.0 5.00 45.00 50.00 OK

Check Details

Version: 0.1.0
Check: for non-standard things in the check directory
Result: NOTE
    Found the following files/directories:
     'MYSLID.csv' 'tabelle.csv'
Flavors: r-devel-linux-x86_64-debian-clang, r-devel-linux-x86_64-debian-gcc, r-devel-linux-x86_64-fedora-clang, r-devel-linux-x86_64-fedora-gcc, r-patched-linux-x86_64, r-patched-solaris-x86, r-release-linux-x86_64

Version: 0.1.0
Check: Rd cross-references
Result: NOTE
    Undeclared packages ‘carData’, ‘factoextra’, ‘labstatR’ in Rd xrefs
Flavor: r-devel-linux-x86_64-fedora-clang