Last updated on 2024-04-23 08:58:03 CEST.
Flavor | Version | Tinstall | Tcheck | Ttotal | Status | Flags |
---|---|---|---|---|---|---|
r-devel-linux-x86_64-debian-clang | 1.3.1 | 84.64 | 45.53 | 130.17 | NOTE | |
r-devel-linux-x86_64-debian-gcc | 1.3.1 | 71.57 | 34.95 | 106.52 | NOTE | |
r-devel-linux-x86_64-fedora-clang | 1.3.1 | 190.58 | NOTE | |||
r-devel-linux-x86_64-fedora-gcc | 1.3.1 | 202.04 | NOTE | |||
r-prerel-macos-arm64 | 1.3.1 | 48.00 | NOTE | |||
r-prerel-windows-x86_64 | 1.3.1 | 66.00 | 101.00 | 167.00 | NOTE | |
r-patched-linux-x86_64 | 1.3.1 | 74.55 | 42.70 | 117.25 | NOTE | |
r-release-linux-x86_64 | 1.3.1 | 81.80 | 43.33 | 125.13 | NOTE | |
r-release-macos-arm64 | 1.3.1 | 55.00 | NOTE | |||
r-release-macos-x86_64 | 1.3.1 | 91.00 | NOTE | |||
r-release-windows-x86_64 | 1.3.1 | 81.00 | 99.00 | 180.00 | NOTE | |
r-oldrel-macos-arm64 | 1.3.1 | 49.00 | OK | |||
r-oldrel-windows-x86_64 | 1.3.1 | 77.00 | 99.00 | 176.00 | OK |
Version: 1.3.1
Check: C++ specification
Result: NOTE
Specified C++11: please drop specification unless essential
Flavors: r-devel-linux-x86_64-debian-clang, r-devel-linux-x86_64-debian-gcc, r-devel-linux-x86_64-fedora-clang, r-devel-linux-x86_64-fedora-gcc, r-prerel-macos-arm64, r-prerel-windows-x86_64, r-patched-linux-x86_64, r-release-linux-x86_64, r-release-macos-arm64, r-release-macos-x86_64, r-release-windows-x86_64