CRAN Package Check Results for Package LinRegInteractive

Last updated on 2021-07-25 08:51:01 CEST.

Flavor Version Tinstall Tcheck Ttotal Status Flags
r-devel-linux-x86_64-debian-clang 0.3-3 5.48 49.75 55.23 OK
r-devel-linux-x86_64-debian-gcc 0.3-3 3.77 39.49 43.26 OK
r-devel-linux-x86_64-fedora-clang 0.3-3 76.59 OK
r-devel-linux-x86_64-fedora-gcc 0.3-3 70.37 OK
r-devel-windows-x86_64 0.3-3 9.00 52.00 61.00 OK
r-devel-windows-x86_64-gcc10-UCRT 0.3-3 OK
r-patched-linux-x86_64 0.3-3 6.56 50.02 56.58 OK
r-patched-solaris-x86 0.3-3 93.70 OK
r-release-linux-x86_64 0.3-3 4.74 49.60 54.34 OK
r-release-macos-arm64 0.3-3 ERROR
r-release-macos-x86_64 0.3-3 ERROR
r-release-windows-ix86+x86_64 0.3-3 8.00 61.00 69.00 OK
r-oldrel-macos-x86_64 0.3-3 ERROR
r-oldrel-windows-ix86+x86_64 0.3-3 29.00 64.00 93.00 OK

Check Details

Version: 0.3-3
Check: package dependencies
Result: ERROR
    Package required but not available: ‘rpanel’
    
    See section ‘The DESCRIPTION file’ in the ‘Writing R Extensions’
    manual.
Flavors: r-release-macos-arm64, r-release-macos-x86_64, r-oldrel-macos-x86_64