Last updated on 2024-03-12 07:49:57 CET.
Flavor | Version | Tinstall | Tcheck | Ttotal | Status | Flags |
---|---|---|---|---|---|---|
r-devel-linux-x86_64-debian-clang | 1.0 | 3.88 | 68.97 | 72.85 | OK | |
r-devel-linux-x86_64-debian-gcc | 1.0 | 2.13 | 53.97 | 56.10 | OK | |
r-devel-linux-x86_64-fedora-clang | 1.0 | 92.55 | NOTE | |||
r-devel-linux-x86_64-fedora-gcc | 1.0 | 100.53 | NOTE | |||
r-devel-windows-x86_64 | 1.0 | 4.00 | 80.00 | 84.00 | OK | |
r-patched-linux-x86_64 | 1.0 | 3.09 | 66.98 | 70.07 | OK | |
r-release-linux-x86_64 | 1.0 | 3.05 | 70.26 | 73.31 | OK | |
r-release-macos-arm64 | 1.0 | 38.00 | OK | |||
r-release-macos-x86_64 | 1.0 | 57.00 | OK | |||
r-release-windows-x86_64 | 1.0 | 5.00 | 86.00 | 91.00 | OK | |
r-oldrel-macos-arm64 | 1.0 | 34.00 | OK | |||
r-oldrel-windows-x86_64 | 1.0 | 5.00 | 92.00 | 97.00 | OK |
Version: 1.0
Check: dependencies in R code
Result: NOTE
Namespaces in Imports field not imported from:
‘RColorBrewer’ ‘base’ ‘qpdf’
All declared Imports should be used.
Flavors: r-devel-linux-x86_64-fedora-clang, r-devel-linux-x86_64-fedora-gcc