Last updated on 2024-04-18 08:54:35 CEST.
Flavor | Version | Tinstall | Tcheck | Ttotal | Status | Flags |
---|---|---|---|---|---|---|
r-devel-linux-x86_64-debian-clang | 1.1.1 | 33.10 | 53.63 | 86.73 | OK | |
r-devel-linux-x86_64-debian-gcc | 1.1.1 | 24.85 | 39.67 | 64.52 | OK | |
r-devel-linux-x86_64-fedora-clang | 1.1.1 | 120.62 | OK | |||
r-devel-linux-x86_64-fedora-gcc | 1.1.1 | 124.13 | OK | |||
r-prerel-macos-arm64 | 1.1.1 | 37.00 | NOTE | |||
r-prerel-windows-x86_64 | 1.1.1 | 25.00 | 79.00 | 104.00 | NOTE | |
r-patched-linux-x86_64 | 1.1.1 | 31.54 | 51.29 | 82.83 | OK | |
r-release-linux-x86_64 | 1.1.1 | 34.42 | 50.23 | 84.65 | OK | |
r-release-macos-arm64 | 1.1.1 | 41.00 | NOTE | |||
r-release-macos-x86_64 | 1.1.1 | 60.00 | NOTE | |||
r-release-windows-x86_64 | 1.1.1 | 34.00 | 89.00 | 123.00 | NOTE | |
r-oldrel-macos-arm64 | 1.1.1 | 32.00 | NOTE | |||
r-oldrel-windows-x86_64 | 1.1.1 | 33.00 | 90.00 | 123.00 | NOTE |
Version: 1.1.1
Check: installed package size
Result: NOTE
installed size is 5.6Mb
sub-directories of 1Mb or more:
extdata 4.5Mb
Flavors: r-prerel-macos-arm64, r-prerel-windows-x86_64, r-release-macos-arm64, r-release-macos-x86_64, r-release-windows-x86_64, r-oldrel-macos-arm64, r-oldrel-windows-x86_64