CRAN Package Check Results for Package M2SMF

Last updated on 2021-05-09 08:50:22 CEST.

Flavor Version Tinstall Tcheck Ttotal Status Flags
r-devel-linux-x86_64-debian-clang 2.0 4.06 47.33 51.39 NOTE
r-devel-linux-x86_64-debian-gcc 2.0 3.47 36.35 39.82 NOTE
r-devel-linux-x86_64-fedora-clang 2.0 71.91 NOTE
r-devel-linux-x86_64-fedora-gcc 2.0 62.68 NOTE
r-devel-windows-ix86+x86_64 2.0 9.00 66.00 75.00 NOTE
r-devel-windows-x86_64-gcc10-UCRT 2.0 NOTE
r-patched-linux-x86_64 2.0 4.88 44.01 48.89 NOTE
r-patched-solaris-x86 2.0 94.40 OK
r-release-linux-x86_64 2.0 4.80 43.88 48.68 OK
r-release-macos-x86_64 2.0 OK
r-release-windows-ix86+x86_64 2.0 9.00 52.00 61.00 OK
r-oldrel-macos-x86_64 2.0 OK
r-oldrel-windows-ix86+x86_64 2.0 9.00 65.00 74.00 OK

Check Details

Version: 2.0
Check: LazyData
Result: NOTE
     'LazyData' is specified without a 'data' directory
Flavors: r-devel-linux-x86_64-debian-clang, r-devel-linux-x86_64-debian-gcc, r-devel-linux-x86_64-fedora-clang, r-devel-linux-x86_64-fedora-gcc, r-devel-windows-ix86+x86_64, r-devel-windows-x86_64-gcc10-UCRT, r-patched-linux-x86_64