CRAN Package Check Results for Package MARVEL

Last updated on 2024-06-17 08:51:12 CEST.

Flavor Version Tinstall Tcheck Ttotal Status Flags
r-devel-linux-x86_64-debian-clang 1.4.0 22.42 334.07 356.49 OK
r-devel-linux-x86_64-debian-gcc 1.4.0 20.94 246.06 267.00 OK
r-devel-linux-x86_64-fedora-clang 1.4.0 466.95 OK
r-devel-linux-x86_64-fedora-gcc 1.4.0 440.33 OK
r-devel-windows-x86_64 1.4.0 24.00 249.00 273.00 OK
r-patched-linux-x86_64 1.4.0 26.29 320.44 346.73 OK
r-release-linux-x86_64 1.4.0 27.64 322.80 350.44 OK
r-release-macos-arm64 1.4.0 122.00 NOTE
r-release-macos-x86_64 1.4.0 193.00 NOTE
r-release-windows-x86_64 1.4.0 25.00 242.00 267.00 OK
r-oldrel-macos-arm64 1.4.0 135.00 NOTE
r-oldrel-macos-x86_64 1.4.0 214.00 NOTE
r-oldrel-windows-x86_64 1.4.0 31.00 318.00 349.00 NOTE

Additional issues

noSuggests

Check Details

Version: 1.4.0
Check: package dependencies
Result: NOTE Packages suggested but not available for checking: 'BSgenome.Hsapiens.NCBI.GRCh38', 'org.Mm.eg.db', 'wiggleplotr' Flavors: r-release-macos-arm64, r-oldrel-macos-x86_64

Version: 1.4.0
Check: package dependencies
Result: NOTE Packages suggested but not available for checking: 'BSgenome.Hsapiens.NCBI.GRCh38', 'wiggleplotr' Flavor: r-release-macos-x86_64

Version: 1.4.0
Check: package dependencies
Result: NOTE Packages suggested but not available for checking: 'BSgenome.Hsapiens.NCBI.GRCh38', 'clusterProfiler', 'org.Mm.eg.db', 'wiggleplotr' Flavor: r-oldrel-macos-arm64

Version: 1.4.0
Check: package dependencies
Result: NOTE Package suggested but not available for checking: 'BSgenome.Hsapiens.NCBI.GRCh38' Flavor: r-oldrel-windows-x86_64