Last updated on 2024-04-19 08:54:46 CEST.
Flavor | Version | Tinstall | Tcheck | Ttotal | Status | Flags |
---|---|---|---|---|---|---|
r-devel-linux-x86_64-debian-clang | 2.3.15 | 29.87 | 327.65 | 357.52 | NOTE | |
r-devel-linux-x86_64-debian-gcc | 2.3.15 | NOTE | ||||
r-devel-linux-x86_64-fedora-clang | 2.3.15 | 423.41 | NOTE | |||
r-devel-linux-x86_64-fedora-gcc | 2.3.15 | 411.60 | NOTE | |||
r-prerel-macos-arm64 | 2.3.15 | 96.00 | NOTE | |||
r-prerel-windows-x86_64 | 2.3.15 | 23.00 | 204.00 | 227.00 | NOTE | |
r-patched-linux-x86_64 | 2.3.15 | 30.42 | 297.49 | 327.91 | NOTE | |
r-release-linux-x86_64 | 2.3.15 | 25.55 | 306.93 | 332.48 | OK | |
r-release-macos-arm64 | 2.3.15 | 117.00 | OK | |||
r-release-macos-x86_64 | 2.3.15 | 321.00 | OK | |||
r-release-windows-x86_64 | 2.3.15 | 34.00 | 268.00 | 302.00 | OK | |
r-oldrel-macos-arm64 | 2.3.15 | 97.00 | OK | |||
r-oldrel-windows-x86_64 | 2.3.15 | 34.00 | 262.00 | 296.00 | OK |
Version: 2.3.15
Check: Rd files
Result: NOTE
checkRd: (-1) findDescendingTrans.Rd:29: Lost braces
29 | Foster, S.D., Hosack, G.R., J. Monk, Lawrence, E., Barrett, N.S., Williams, A. and Przeslawski, P. (2020) Spatially-Balanced Designs for Transect-Based Surveys. Methods in Ecology and Evolution. emph{11}: 95--105
| ^
Flavors: r-devel-linux-x86_64-debian-clang, r-devel-linux-x86_64-debian-gcc, r-devel-linux-x86_64-fedora-clang, r-devel-linux-x86_64-fedora-gcc, r-prerel-macos-arm64, r-prerel-windows-x86_64, r-patched-linux-x86_64
Version: 2.3.15
Check: Rd cross-references
Result: NOTE
Undeclared package ‘raster’ in Rd xrefs
Flavor: r-devel-linux-x86_64-fedora-clang