Last updated on 2024-03-12 07:49:58 CET.
Flavor | Version | Tinstall | Tcheck | Ttotal | Status | Flags |
---|---|---|---|---|---|---|
r-devel-linux-x86_64-debian-clang | 0.4.2 | 14.33 | 713.26 | 727.59 | OK | |
r-devel-linux-x86_64-debian-gcc | 0.4.2 | 11.02 | 517.56 | 528.58 | OK | |
r-devel-linux-x86_64-fedora-clang | 0.4.2 | 998.09 | NOTE | |||
r-devel-linux-x86_64-fedora-gcc | 0.4.2 | 963.86 | NOTE | |||
r-devel-windows-x86_64 | 0.4.2 | 12.00 | 711.00 | 723.00 | OK | |
r-patched-linux-x86_64 | 0.4.2 | 14.73 | 715.45 | 730.18 | OK | |
r-release-linux-x86_64 | 0.4.2 | 15.09 | 724.98 | 740.07 | OK | |
r-release-macos-arm64 | 0.4.2 | 242.00 | OK | |||
r-release-macos-x86_64 | 0.4.2 | 601.00 | OK | |||
r-release-windows-x86_64 | 0.4.2 | 15.00 | 831.00 | 846.00 | OK | |
r-oldrel-macos-arm64 | 0.4.2 | 212.00 | OK | |||
r-oldrel-windows-x86_64 | 0.4.2 | 16.00 | 838.00 | 854.00 | OK |
Version: 0.4.2
Check: data for non-ASCII characters
Result: NOTE
Note: found 6 marked Latin-1 strings
Flavors: r-devel-linux-x86_64-fedora-clang, r-devel-linux-x86_64-fedora-gcc