Last updated on 2024-04-20 08:50:59 CEST.
Flavor | Version | Tinstall | Tcheck | Ttotal | Status | Flags |
---|---|---|---|---|---|---|
r-devel-linux-x86_64-debian-clang | 1.2.1 | 31.52 | 134.11 | 165.63 | OK | |
r-devel-linux-x86_64-debian-gcc | 1.2.1 | 24.70 | 94.82 | 119.52 | OK | |
r-devel-linux-x86_64-fedora-clang | 1.2.1 | 208.43 | NOTE | |||
r-devel-linux-x86_64-fedora-gcc | 1.2.1 | 196.50 | NOTE | |||
r-prerel-macos-arm64 | 1.2.1 | 53.00 | OK | |||
r-prerel-macos-x86_64 | 1.2.1 | 141.00 | OK | |||
r-prerel-windows-x86_64 | 1.2.1 | 27.00 | 122.00 | 149.00 | OK | |
r-patched-linux-x86_64 | 1.2.1 | 29.25 | 125.69 | 154.94 | OK | |
r-release-linux-x86_64 | 1.2.1 | 26.69 | 126.80 | 153.49 | OK | |
r-release-macos-arm64 | 1.2.1 | 64.00 | OK | |||
r-release-macos-x86_64 | 1.2.1 | 134.00 | OK | |||
r-release-windows-x86_64 | 1.2.1 | 35.00 | 159.00 | 194.00 | OK | |
r-oldrel-macos-arm64 | 1.2.1 | 57.00 | OK | |||
r-oldrel-windows-x86_64 | 1.2.1 | 34.00 | 152.00 | 186.00 | OK |
Version: 1.2.1
Check: dependencies in R code
Result: NOTE
Namespaces in Imports field not imported from:
‘MASS’ ‘Rdpack’ ‘copula’ ‘missMethods’
All declared Imports should be used.
Flavors: r-devel-linux-x86_64-fedora-clang, r-devel-linux-x86_64-fedora-gcc