Last updated on 2024-04-26 08:55:04 CEST.
Flavor | Version | Tinstall | Tcheck | Ttotal | Status | Flags |
---|---|---|---|---|---|---|
r-devel-linux-x86_64-debian-clang | 4.0.3 | 5.44 | 76.60 | 82.04 | NOTE | |
r-devel-linux-x86_64-debian-gcc | 4.0.3 | 6.20 | 55.86 | 62.06 | NOTE | |
r-devel-linux-x86_64-fedora-clang | 4.0.3 | 102.82 | NOTE | |||
r-devel-linux-x86_64-fedora-gcc | 4.0.3 | 99.24 | NOTE | |||
r-devel-windows-x86_64 | 4.0.3 | 8.00 | 73.00 | 81.00 | NOTE | |
r-patched-linux-x86_64 | 4.0.3 | 8.62 | 70.59 | 79.21 | NOTE | |
r-release-linux-x86_64 | 4.0.3 | 9.25 | 72.81 | 82.06 | OK | |
r-release-macos-arm64 | 4.0.3 | 32.00 | NOTE | |||
r-release-windows-x86_64 | 4.0.3 | 7.00 | 74.00 | 81.00 | NOTE | |
r-oldrel-macos-arm64 | 4.0.3 | 49.00 | OK | |||
r-oldrel-macos-x86_64 | 4.0.3 | 55.00 | OK | |||
r-oldrel-windows-x86_64 | 4.0.3 | 10.00 | 87.00 | 97.00 | OK |
Version: 4.0.3
Check: Rd files
Result: NOTE
checkRd: (-1) mdp_example_forest.Rd:36: Lost braces; missing escapes or markup?
36 | Let {1, ... S} be the states of the forest. the Sth state being the oldest.
| ^
Flavors: r-devel-linux-x86_64-debian-clang, r-devel-linux-x86_64-debian-gcc, r-devel-linux-x86_64-fedora-clang, r-devel-linux-x86_64-fedora-gcc, r-devel-windows-x86_64, r-patched-linux-x86_64, r-release-macos-arm64, r-release-windows-x86_64