Last updated on 2024-04-24 07:57:45 CEST.
Flavor | Version | Tinstall | Tcheck | Ttotal | Status | Flags |
---|---|---|---|---|---|---|
r-devel-linux-x86_64-debian-clang | 1.6.0 | 65.51 | 351.19 | 416.70 | NOTE | |
r-devel-linux-x86_64-debian-gcc | 1.6.0 | 49.68 | 236.91 | 286.59 | NOTE | |
r-devel-linux-x86_64-fedora-clang | 1.6.0 | 530.46 | NOTE | |||
r-devel-linux-x86_64-fedora-gcc | 1.6.0 | 501.31 | NOTE | |||
r-prerel-macos-arm64 | 1.6.0 | 109.00 | NOTE | |||
r-prerel-windows-x86_64 | 1.6.0 | 56.00 | 280.00 | 336.00 | NOTE | |
r-patched-linux-x86_64 | 1.6.0 | 69.33 | 333.57 | 402.90 | NOTE | |
r-release-linux-x86_64 | 1.6.0 | 66.19 | 343.93 | 410.12 | OK | |
r-release-macos-arm64 | 1.6.0 | 137.00 | OK | |||
r-release-macos-x86_64 | 1.6.0 | 245.00 | OK | |||
r-release-windows-x86_64 | 1.6.0 | 71.00 | 366.00 | 437.00 | OK | |
r-oldrel-macos-arm64 | 1.6.0 | 104.00 | OK | |||
r-oldrel-windows-x86_64 | 1.6.0 | 70.00 | 352.00 | 422.00 | OK |
Version: 1.6.0
Check: Rd files
Result: NOTE
checkRd: (-1) calcQuantiles.Rd:52: Lost braces; missing escapes or markup?
52 | {M/F}\emph{Mean}(patchNum).csv and {M/F}\emph{Quantile}(quantNum)_(patchNum).csv.
| ^
checkRd: (-1) calcQuantiles.Rd:52: Lost braces; missing escapes or markup?
52 | {M/F}\emph{Mean}(patchNum).csv and {M/F}\emph{Quantile}(quantNum)_(patchNum).csv.
| ^
Flavors: r-devel-linux-x86_64-debian-clang, r-devel-linux-x86_64-debian-gcc, r-devel-linux-x86_64-fedora-clang, r-devel-linux-x86_64-fedora-gcc, r-prerel-macos-arm64, r-prerel-windows-x86_64, r-patched-linux-x86_64