Last updated on 2023-02-09 07:56:54 CET.
Flavor | Version | Tinstall | Tcheck | Ttotal | Status | Flags |
---|---|---|---|---|---|---|
r-devel-linux-x86_64-debian-clang | 1.0.1 | 3.02 | 27.81 | 30.83 | NOTE | |
r-devel-linux-x86_64-debian-gcc | 1.0.1 | 1.99 | 21.04 | 23.03 | NOTE | |
r-devel-linux-x86_64-fedora-clang | 1.0.1 | 37.64 | NOTE | |||
r-devel-linux-x86_64-fedora-gcc | 1.0.1 | 37.16 | NOTE | |||
r-devel-windows-x86_64 | 1.0.1 | 22.00 | 62.00 | 84.00 | NOTE | |
r-patched-linux-x86_64 | 1.0.1 | 2.88 | 26.44 | 29.32 | NOTE | |
r-release-linux-x86_64 | 1.0.1 | 2.34 | 25.21 | 27.55 | NOTE | |
r-release-macos-arm64 | 1.0.1 | 15.00 | NOTE | |||
r-release-macos-x86_64 | 1.0.1 | 22.00 | NOTE | |||
r-release-windows-x86_64 | 1.0.1 | 6.00 | 51.00 | 57.00 | NOTE | |
r-oldrel-macos-arm64 | 1.0.1 | 20.00 | NOTE | |||
r-oldrel-macos-x86_64 | 1.0.1 | 29.00 | NOTE | |||
r-oldrel-windows-ix86+x86_64 | 1.0.1 | 6.00 | 37.00 | 43.00 | NOTE |
Version: 1.0.1
Check: LazyData
Result: NOTE
'LazyData' is specified without a 'data' directory
Flavors: r-devel-linux-x86_64-debian-clang, r-devel-linux-x86_64-debian-gcc, r-devel-linux-x86_64-fedora-clang, r-devel-linux-x86_64-fedora-gcc, r-devel-windows-x86_64, r-patched-linux-x86_64, r-release-linux-x86_64, r-release-macos-arm64, r-release-macos-x86_64, r-release-windows-x86_64, r-oldrel-macos-arm64, r-oldrel-macos-x86_64, r-oldrel-windows-ix86+x86_64