CRAN Package Check Results for Package MHTmult

Last updated on 2022-12-05 07:53:45 CET.

Flavor Version Tinstall Tcheck Ttotal Status Flags
r-devel-linux-x86_64-debian-clang 0.1.0 2.23 23.88 26.11 NOTE
r-devel-linux-x86_64-debian-gcc 0.1.0 1.96 18.66 20.62 NOTE
r-devel-linux-x86_64-fedora-clang 0.1.0 46.85 NOTE
r-devel-linux-x86_64-fedora-gcc 0.1.0 45.08 NOTE
r-devel-windows-x86_64 0.1.0 13.00 55.00 68.00 NOTE
r-patched-linux-x86_64 0.1.0 2.38 22.52 24.90 NOTE
r-release-linux-x86_64 0.1.0 1.76 22.27 24.03 NOTE
r-release-macos-arm64 0.1.0 15.00 NOTE
r-release-macos-x86_64 0.1.0 19.00 NOTE
r-release-windows-x86_64 0.1.0 12.00 48.00 60.00 NOTE
r-oldrel-macos-arm64 0.1.0 19.00 NOTE
r-oldrel-macos-x86_64 0.1.0 27.00 NOTE
r-oldrel-windows-ix86+x86_64 0.1.0 5.00 44.00 49.00 NOTE

Check Details

Version: 0.1.0
Check: package dependencies
Result: NOTE
    Package suggested but not available for checking: 'structSSI'
Flavors: r-devel-linux-x86_64-debian-clang, r-devel-linux-x86_64-debian-gcc, r-devel-linux-x86_64-fedora-clang, r-devel-linux-x86_64-fedora-gcc, r-devel-windows-x86_64, r-patched-linux-x86_64, r-release-linux-x86_64, r-release-macos-arm64, r-release-macos-x86_64, r-release-windows-x86_64, r-oldrel-macos-arm64, r-oldrel-macos-x86_64

Version: 0.1.0
Check: LazyData
Result: NOTE
     'LazyData' is specified without a 'data' directory
Flavors: r-devel-linux-x86_64-debian-clang, r-devel-linux-x86_64-debian-gcc, r-devel-linux-x86_64-fedora-clang, r-devel-linux-x86_64-fedora-gcc, r-devel-windows-x86_64, r-patched-linux-x86_64, r-release-linux-x86_64, r-release-macos-arm64, r-release-macos-x86_64, r-release-windows-x86_64, r-oldrel-macos-arm64, r-oldrel-macos-x86_64, r-oldrel-windows-ix86+x86_64