CRAN Package Check Results for Package MKomics

Last updated on 2021-07-25 08:51:02 CEST.

Flavor Version Tinstall Tcheck Ttotal Status Flags
r-devel-linux-x86_64-debian-clang 0.5 5.21 51.77 56.98 OK
r-devel-linux-x86_64-debian-gcc 0.5 3.99 39.53 43.52 OK
r-devel-linux-x86_64-fedora-clang 0.5 73.42 NOTE
r-devel-linux-x86_64-fedora-gcc 0.5 68.04 OK
r-devel-windows-x86_64 0.5 6.00 56.00 62.00 OK
r-devel-windows-x86_64-gcc10-UCRT 0.5 OK
r-patched-linux-x86_64 0.5 5.50 49.92 55.42 OK
r-patched-solaris-x86 0.5 87.20 OK
r-release-linux-x86_64 0.5 4.10 50.24 54.34 OK
r-release-macos-arm64 0.5 NOTE
r-release-macos-x86_64 0.5 OK
r-release-windows-ix86+x86_64 0.5 9.00 53.00 62.00 OK
r-oldrel-macos-x86_64 0.5 OK
r-oldrel-windows-ix86+x86_64 0.5 33.00 66.00 99.00 OK

Check Details

Version: 0.5
Check: Rd cross-references
Result: NOTE
    Undeclared packages ‘genefilter’, ‘MKmisc’ in Rd xrefs
Flavor: r-devel-linux-x86_64-fedora-clang

Version: 0.5
Check: Rd cross-references
Result: NOTE
    Package unavailable to check Rd xrefs: ‘genefilter’
Flavor: r-release-macos-arm64