CRAN Package Check Results for Package MKpower

Last updated on 2021-09-20 08:50:28 CEST.

Flavor Version Tinstall Tcheck Ttotal Status Flags
r-devel-linux-x86_64-debian-clang 0.5 11.66 153.58 165.24 OK
r-devel-linux-x86_64-debian-gcc 0.5 11.15 113.76 124.91 OK
r-devel-linux-x86_64-fedora-clang 0.5 204.25 OK
r-devel-linux-x86_64-fedora-gcc 0.5 195.10 OK
r-devel-windows-x86_64 0.5 15.00 142.00 157.00 OK
r-devel-windows-x86_64-gcc10-UCRT 0.5 ERROR
r-patched-linux-x86_64 0.5 13.74 143.83 157.57 OK
r-patched-solaris-x86 0.5 272.40 OK
r-release-linux-x86_64 0.5 12.82 145.45 158.27 OK
r-release-macos-arm64 0.5 OK
r-release-macos-x86_64 0.5 OK
r-release-windows-ix86+x86_64 0.5 30.00 179.00 209.00 OK
r-oldrel-macos-x86_64 0.5 OK
r-oldrel-windows-ix86+x86_64 0.5 31.00 191.00 222.00 OK

Check Details

Version: 0.5
Check: whether package can be installed
Result: WARN
    Found the following significant warnings:
     WARNING: installation-time patches will not be applied, could not get the patches index
Flavor: r-devel-windows-x86_64-gcc10-UCRT

Version: 0.5
Check: PDF version of manual
Result: WARN
    LaTeX errors when creating PDF version.
    This typically indicates Rd problems.
Flavor: r-devel-windows-x86_64-gcc10-UCRT

Version: 0.5
Check: PDF version of manual without hyperrefs or index
Result: ERROR
    Re-running with no redirection of stdout/stderr.
Flavor: r-devel-windows-x86_64-gcc10-UCRT