Last updated on 2024-04-19 08:54:47 CEST.
Flavor | Version | Tinstall | Tcheck | Ttotal | Status | Flags |
---|---|---|---|---|---|---|
r-devel-linux-x86_64-debian-clang | 0.8.0 | 47.70 | 59.92 | 107.62 | NOTE | |
r-devel-linux-x86_64-debian-gcc | 0.8.0 | NOTE | ||||
r-devel-linux-x86_64-fedora-clang | 0.8.0 | 145.31 | NOTE | |||
r-devel-linux-x86_64-fedora-gcc | 0.8.0 | 141.44 | NOTE | |||
r-prerel-macos-arm64 | 0.8.0 | 33.00 | NOTE | |||
r-prerel-windows-x86_64 | 0.8.0 | 40.00 | 80.00 | 120.00 | NOTE | |
r-patched-linux-x86_64 | 0.8.0 | 48.74 | 51.10 | 99.84 | NOTE | |
r-release-linux-x86_64 | 0.8.0 | 42.88 | 52.87 | 95.75 | NOTE | |
r-release-macos-arm64 | 0.8.0 | 44.00 | NOTE | |||
r-release-macos-x86_64 | 0.8.0 | 58.00 | NOTE | |||
r-release-windows-x86_64 | 0.8.0 | 50.00 | 91.00 | 141.00 | NOTE | |
r-oldrel-macos-arm64 | 0.8.0 | 42.00 | NOTE | |||
r-oldrel-windows-x86_64 | 0.8.0 | 50.00 | 90.00 | 140.00 | NOTE |
Version: 0.8.0
Check: LazyData
Result: NOTE
'LazyData' is specified without a 'data' directory
Flavors: r-devel-linux-x86_64-debian-clang, r-devel-linux-x86_64-debian-gcc, r-devel-linux-x86_64-fedora-clang, r-devel-linux-x86_64-fedora-gcc, r-prerel-macos-arm64, r-prerel-windows-x86_64, r-patched-linux-x86_64, r-release-linux-x86_64, r-release-macos-arm64, r-release-macos-x86_64, r-release-windows-x86_64, r-oldrel-macos-arm64, r-oldrel-windows-x86_64