CRAN Package Check Results for Package MOEADr

Last updated on 2021-05-11 08:48:20 CEST.

Flavor Version Tinstall Tcheck Ttotal Status Flags
r-devel-linux-x86_64-debian-clang 1.1.1 4.62 154.15 158.77 NOTE
r-devel-linux-x86_64-debian-gcc 1.1.1 4.20 109.20 113.40 NOTE
r-devel-linux-x86_64-fedora-clang 1.1.1 190.21 NOTE
r-devel-linux-x86_64-fedora-gcc 1.1.1 213.90 NOTE
r-devel-windows-ix86+x86_64 1.1.1 9.00 205.00 214.00 NOTE
r-devel-windows-x86_64-gcc10-UCRT 1.1.1 NOTE
r-patched-linux-x86_64 1.1.1 5.70 145.36 151.06 NOTE
r-patched-solaris-x86 1.1.1 248.50 NOTE
r-release-linux-x86_64 1.1.1 4.41 144.91 149.32 OK
r-release-macos-x86_64 1.1.1 OK
r-release-windows-ix86+x86_64 1.1.1 8.00 133.00 141.00 OK
r-oldrel-macos-x86_64 1.1.1 OK
r-oldrel-windows-ix86+x86_64 1.1.1 9.00 174.00 183.00 OK

Check Details

Version: 1.1.1
Check: LazyData
Result: NOTE
     'LazyData' is specified without a 'data' directory
Flavors: r-devel-linux-x86_64-debian-clang, r-devel-linux-x86_64-debian-gcc, r-devel-linux-x86_64-fedora-clang, r-devel-linux-x86_64-fedora-gcc, r-devel-windows-ix86+x86_64, r-devel-windows-x86_64-gcc10-UCRT, r-patched-linux-x86_64, r-patched-solaris-x86