CRAN Package Check Results for Package MOSS

Last updated on 2021-06-21 08:49:55 CEST.

Flavor Version Tinstall Tcheck Ttotal Status Flags
r-devel-linux-x86_64-debian-clang 0.1.0 4.59 318.98 323.57 OK
r-devel-linux-x86_64-debian-gcc 0.1.0 4.02 245.96 249.98 OK
r-devel-linux-x86_64-fedora-clang 0.1.0 404.24 OK
r-devel-linux-x86_64-fedora-gcc 0.1.0 396.23 OK
r-devel-windows-x86_64 0.1.0 8.00 389.00 397.00 OK
r-devel-windows-x86_64-gcc10-UCRT 0.1.0 NOTE
r-patched-linux-x86_64 0.1.0 4.92 314.51 319.43 OK
r-patched-solaris-x86 0.1.0 849.30 OK
r-release-linux-x86_64 0.1.0 4.12 314.52 318.64 OK
r-release-macos-arm64 0.1.0 NOTE
r-release-macos-x86_64 0.1.0 OK
r-release-windows-ix86+x86_64 0.1.0 9.00 401.00 410.00 OK
r-oldrel-macos-x86_64 0.1.0 OK

Check Details

Version: 0.1.0
Check: package dependencies
Result: NOTE
    Package suggested but not available for checking: 'annotate'
Flavor: r-devel-windows-x86_64-gcc10-UCRT

Version: 0.1.0
Check: package dependencies
Result: NOTE
    Package suggested but not available for checking: ‘ComplexHeatmap’
Flavor: r-release-macos-arm64