CRAN Package Check Results for Package MTA

Last updated on 2021-05-10 08:49:18 CEST.

Flavor Version Tinstall Tcheck Ttotal Status Flags
r-devel-linux-x86_64-debian-clang 0.3.0 6.17 90.43 96.60 OK
r-devel-linux-x86_64-debian-gcc 0.3.0 5.12 68.09 73.21 OK
r-devel-linux-x86_64-fedora-clang 0.3.0 125.85 OK
r-devel-linux-x86_64-fedora-gcc 0.3.0 113.41 OK
r-devel-windows-ix86+x86_64 0.3.0 13.00 104.00 117.00 OK
r-devel-windows-x86_64-gcc10-UCRT 0.3.0 OK
r-patched-linux-x86_64 0.3.0 6.91 84.03 90.94 OK
r-patched-solaris-x86 0.3.0 178.40 OK
r-release-linux-x86_64 0.3.0 6.87 83.32 90.19 OK
r-release-macos-x86_64 0.3.0 OK
r-release-windows-ix86+x86_64 0.3.0 13.00 85.00 98.00 OK
r-oldrel-macos-x86_64 0.3.0 NOTE
r-oldrel-windows-ix86+x86_64 0.3.0 16.00 105.00 121.00 NOTE

Check Details

Version: 0.3.0
Check: R code for possible problems
Result: NOTE
    plot_bidev: no visible global function definition for ‘plot’
    Undefined global functions or variables:
     plot
    Consider adding
     importFrom("graphics", "plot")
    to your NAMESPACE file.
Flavors: r-oldrel-macos-x86_64, r-oldrel-windows-ix86+x86_64