Last updated on 2024-04-19 08:54:48 CEST.
Flavor | Version | Tinstall | Tcheck | Ttotal | Status | Flags |
---|---|---|---|---|---|---|
r-devel-linux-x86_64-debian-clang | 0.2.1 | 39.90 | 72.84 | 112.74 | NOTE | |
r-devel-linux-x86_64-debian-gcc | 0.2.1 | NOTE | ||||
r-devel-linux-x86_64-fedora-clang | 0.2.1 | 151.35 | NOTE | |||
r-devel-linux-x86_64-fedora-gcc | 0.2.1 | 159.37 | NOTE | |||
r-prerel-macos-arm64 | 0.2.1 | 47.00 | NOTE | |||
r-prerel-windows-x86_64 | 0.2.1 | 31.00 | 93.00 | 124.00 | NOTE | |
r-patched-linux-x86_64 | 0.2.1 | 38.75 | 71.76 | 110.51 | NOTE | |
r-release-linux-x86_64 | 0.2.1 | 36.23 | 70.27 | 106.50 | NOTE | |
r-release-macos-arm64 | 0.2.1 | 49.00 | NOTE | |||
r-release-macos-x86_64 | 0.2.1 | 78.00 | NOTE | |||
r-release-windows-x86_64 | 0.2.1 | 38.00 | 105.00 | 143.00 | NOTE | |
r-oldrel-macos-arm64 | 0.2.1 | 42.00 | NOTE | |||
r-oldrel-windows-x86_64 | 0.2.1 | 36.00 | 104.00 | 140.00 | NOTE |
Version: 0.2.1
Check: LazyData
Result: NOTE
'LazyData' is specified without a 'data' directory
Flavors: r-devel-linux-x86_64-debian-clang, r-devel-linux-x86_64-debian-gcc, r-devel-linux-x86_64-fedora-clang, r-devel-linux-x86_64-fedora-gcc, r-prerel-macos-arm64, r-prerel-windows-x86_64, r-patched-linux-x86_64, r-release-linux-x86_64, r-release-macos-arm64, r-release-macos-x86_64, r-release-windows-x86_64, r-oldrel-macos-arm64, r-oldrel-windows-x86_64