CRAN Package Check Results for Package MTS

Last updated on 2021-09-20 08:50:29 CEST.

Flavor Version Tinstall Tcheck Ttotal Status Flags
r-devel-linux-x86_64-debian-clang 1.0.3 41.39 155.32 196.71 OK
r-devel-linux-x86_64-debian-gcc 1.0.3 30.68 111.74 142.42 OK
r-devel-linux-x86_64-fedora-clang 1.0.3 236.52 NOTE
r-devel-linux-x86_64-fedora-gcc 1.0.3 224.23 NOTE
r-devel-windows-x86_64 1.0.3 39.00 133.00 172.00 OK
r-devel-windows-x86_64-gcc10-UCRT 1.0.3 ERROR
r-patched-linux-x86_64 1.0.3 36.29 149.41 185.70 OK
r-patched-solaris-x86 1.0.3 249.50 OK
r-release-linux-x86_64 1.0.3 37.61 148.74 186.35 OK
r-release-macos-arm64 1.0.3 OK
r-release-macos-x86_64 1.0.3 OK
r-release-windows-ix86+x86_64 1.0.3 76.00 228.00 304.00 OK
r-oldrel-macos-x86_64 1.0.3 OK
r-oldrel-windows-ix86+x86_64 1.0.3 74.00 175.00 249.00 OK

Check Details

Version: 1.0.3
Check: compiled code
Result: NOTE
    File ‘MTS/libs/MTS.so’:
     Found no calls to: ‘R_registerRoutines’, ‘R_useDynamicSymbols’
    
    It is good practice to register native routines and to disable symbol
    search.
    
    See ‘Writing portable packages’ in the ‘Writing R Extensions’ manual.
Flavors: r-devel-linux-x86_64-fedora-clang, r-devel-linux-x86_64-fedora-gcc

Version: 1.0.3
Check: whether package can be installed
Result: ERROR
    Installation failed.
Flavor: r-devel-windows-x86_64-gcc10-UCRT