CRAN Package Check Results for Package MUACz

Last updated on 2021-10-20 08:49:30 CEST.

Flavor Version Tinstall Tcheck Ttotal Status Flags
r-devel-linux-x86_64-debian-clang 2.1.0 10.62 89.80 100.42 NOTE
r-devel-linux-x86_64-debian-gcc 2.1.0 8.79 67.33 76.12 NOTE
r-devel-linux-x86_64-fedora-clang 2.1.0 129.91 NOTE
r-devel-linux-x86_64-fedora-gcc 2.1.0 116.33 NOTE
r-devel-windows-x86_64 2.1.0 16.00 112.00 128.00 NOTE
r-devel-windows-x86_64-gcc10-UCRT 2.1.0 NOTE
r-patched-linux-x86_64 2.1.0 9.96 84.66 94.62 NOTE
r-patched-solaris-x86 2.1.0 165.80 NOTE
r-release-linux-x86_64 2.1.0 11.03 84.43 95.46 NOTE
r-release-macos-arm64 2.1.0 NOTE
r-release-macos-x86_64 2.1.0 NOTE
r-release-windows-ix86+x86_64 2.1.0 24.00 111.00 135.00 NOTE
r-oldrel-macos-x86_64 2.1.0 OK
r-oldrel-windows-ix86+x86_64 2.1.0 24.00 107.00 131.00 OK

Check Details

Version: 2.1.0
Check: LazyData
Result: NOTE
     'LazyData' is specified without a 'data' directory
Flavors: r-devel-linux-x86_64-debian-clang, r-devel-linux-x86_64-debian-gcc, r-devel-linux-x86_64-fedora-clang, r-devel-linux-x86_64-fedora-gcc, r-devel-windows-x86_64, r-devel-windows-x86_64-gcc10-UCRT, r-patched-linux-x86_64, r-patched-solaris-x86, r-release-linux-x86_64, r-release-macos-arm64, r-release-macos-x86_64, r-release-windows-ix86+x86_64