CRAN Package Check Results for Package MaOEA

Last updated on 2024-05-22 08:59:33 CEST.

Flavor Version Tinstall Tcheck Ttotal Status Flags
r-devel-linux-x86_64-debian-clang 0.6.2 13.87 92.04 105.91 NOTE
r-devel-linux-x86_64-debian-gcc 0.6.2 9.98 69.20 79.18 NOTE
r-devel-linux-x86_64-fedora-clang 0.6.2 132.69 NOTE
r-devel-linux-x86_64-fedora-gcc 0.6.2 130.11 NOTE
r-devel-windows-x86_64 0.6.2 10.00 91.00 101.00 NOTE
r-patched-linux-x86_64 0.6.2 13.50 90.75 104.25 NOTE
r-release-linux-x86_64 0.6.2 9.66 89.82 99.48 NOTE
r-release-macos-arm64 0.6.2 38.00 NOTE
r-release-windows-x86_64 0.6.2 12.00 92.00 104.00 NOTE
r-oldrel-macos-arm64 0.6.2 40.00 NOTE
r-oldrel-macos-x86_64 0.6.2 66.00 NOTE
r-oldrel-windows-x86_64 0.6.2 14.00 106.00 120.00 NOTE

Check Details

Version: 0.6.2
Check: LazyData
Result: NOTE 'LazyData' is specified without a 'data' directory Flavors: r-devel-linux-x86_64-debian-clang, r-devel-linux-x86_64-debian-gcc, r-devel-linux-x86_64-fedora-clang, r-devel-linux-x86_64-fedora-gcc, r-devel-windows-x86_64, r-patched-linux-x86_64, r-release-linux-x86_64, r-release-macos-arm64, r-release-windows-x86_64, r-oldrel-macos-arm64, r-oldrel-macos-x86_64, r-oldrel-windows-x86_64