Last updated on 2024-03-12 07:49:58 CET.
Flavor | Version | Tinstall | Tcheck | Ttotal | Status | Flags |
---|---|---|---|---|---|---|
r-devel-linux-x86_64-debian-clang | 1.0.1 | 267.97 | 31.50 | 299.47 | OK | |
r-devel-linux-x86_64-debian-gcc | 1.0.1 | 197.06 | 24.15 | 221.21 | OK | |
r-devel-linux-x86_64-fedora-clang | 1.0.1 | 559.08 | OK | |||
r-devel-linux-x86_64-fedora-gcc | 1.0.1 | 446.42 | OK | |||
r-devel-windows-x86_64 | 1.0.1 | 389.00 | 77.00 | 466.00 | OK | |
r-patched-linux-x86_64 | 1.0.1 | 224.97 | 30.61 | 255.58 | OK | |
r-release-linux-x86_64 | 1.0.1 | 248.07 | 30.15 | 278.22 | OK | |
r-release-macos-arm64 | 1.0.1 | 94.00 | NOTE | |||
r-release-macos-x86_64 | 1.0.1 | 171.00 | NOTE | |||
r-release-windows-x86_64 | 1.0.1 | 500.00 | 82.00 | 582.00 | OK | |
r-oldrel-macos-arm64 | 1.0.1 | 98.00 | NOTE | |||
r-oldrel-windows-x86_64 | 1.0.1 | 435.00 | 77.00 | 512.00 | OK |
Version: 1.0.1
Check: installed package size
Result: NOTE
installed size is 11.1Mb
sub-directories of 1Mb or more:
libs 10.8Mb
Flavors: r-release-macos-arm64, r-release-macos-x86_64, r-oldrel-macos-arm64