CRAN Package Check Results for Package Matching

Last updated on 2021-05-11 08:48:18 CEST.

Flavor Version Tinstall Tcheck Ttotal Status Flags
r-devel-linux-x86_64-debian-clang 4.9-9 17.23 58.38 75.61 OK
r-devel-linux-x86_64-debian-gcc 4.9-9 14.99 46.22 61.21 OK
r-devel-linux-x86_64-fedora-clang 4.9-9 106.38 OK
r-devel-linux-x86_64-fedora-gcc 4.9-9 96.25 OK
r-devel-windows-ix86+x86_64 4.9-9 39.00 107.00 146.00 OK
r-devel-windows-x86_64-gcc10-UCRT 4.9-9 OK
r-patched-linux-x86_64 4.9-9 18.44 58.48 76.92 OK
r-patched-solaris-x86 4.9-9 126.70 OK
r-release-linux-x86_64 4.9-9 16.43 56.13 72.56 OK
r-release-macos-x86_64 4.9-9 OK
r-release-windows-ix86+x86_64 4.9-9 34.00 84.00 118.00 OK
r-oldrel-macos-x86_64 4.9-9 OK
r-oldrel-windows-ix86+x86_64 4.9-9 52.00 7.00 59.00 ERROR

Check Details

Version: 4.9-9
Check: whether package can be installed
Result: ERROR
    Installation failed.
    See 'd:/Rcompile/CRANpkg/local/3.6/Matching.Rcheck/00install.out'* DONE
Flavor: r-oldrel-windows-ix86+x86_64