Last updated on 2024-07-27 08:49:24 CEST.
Flavor | Version | Tinstall | Tcheck | Ttotal | Status | Flags |
---|---|---|---|---|---|---|
r-devel-linux-x86_64-debian-clang | 1.7-0 | 330.43 | 421.02 | 751.45 | OK | |
r-devel-linux-x86_64-debian-gcc | 1.7-0 | OK | ||||
r-devel-linux-x86_64-fedora-clang | 1.7-0 | 1028.27 | OK | |||
r-devel-linux-x86_64-fedora-gcc | 1.7-0 | 1173.50 | OK | |||
r-devel-windows-x86_64 | 1.7-0 | 396.00 | 422.00 | 818.00 | OK | |
r-patched-linux-x86_64 | 1.7-0 | OK | ||||
r-release-linux-x86_64 | 1.7-0 | 335.10 | 403.61 | 738.71 | OK | |
r-release-macos-arm64 | 1.7-0 | 246.00 | OK | |||
r-release-macos-x86_64 | 1.7-0 | 457.00 | OK | |||
r-release-windows-x86_64 | 1.7-0 | 383.00 | 418.00 | 801.00 | OK | |
r-oldrel-macos-arm64 | 1.6-5 | 228.00 | NOTE | |||
r-oldrel-macos-x86_64 | 1.6-5 | 525.00 | NOTE | |||
r-oldrel-windows-x86_64 | 1.6-5 | 281.00 | 512.00 | 793.00 | OK |
Version: 1.6-5
Check: R code for possible problems
Result: NOTE
qr.X: no visible binding for global variable ‘R’
Undefined global functions or variables:
R
Flavors: r-oldrel-macos-arm64, r-oldrel-macos-x86_64