Last updated on 2024-04-20 08:50:59 CEST.
Flavor | Version | Tinstall | Tcheck | Ttotal | Status | Flags |
---|---|---|---|---|---|---|
r-devel-linux-x86_64-debian-clang | 0.2 | 40.97 | 47.47 | 88.44 | NOTE | |
r-devel-linux-x86_64-debian-gcc | 0.2 | 29.37 | 37.93 | 67.30 | NOTE | |
r-devel-linux-x86_64-fedora-clang | 0.2 | 113.20 | NOTE | |||
r-devel-linux-x86_64-fedora-gcc | 0.2 | 118.99 | NOTE | |||
r-prerel-macos-arm64 | 0.2 | 32.00 | NOTE | |||
r-prerel-windows-x86_64 | 0.2 | 30.00 | 75.00 | 105.00 | NOTE | |
r-patched-linux-x86_64 | 0.2 | 27.14 | 47.92 | 75.06 | NOTE | |
r-release-linux-x86_64 | 0.2 | 32.84 | 48.13 | 80.97 | NOTE | |
r-release-macos-arm64 | 0.2 | 42.00 | NOTE | |||
r-release-macos-x86_64 | 0.2 | 55.00 | NOTE | |||
r-release-windows-x86_64 | 0.2 | 36.00 | 86.00 | 122.00 | NOTE | |
r-oldrel-macos-arm64 | 0.2 | 38.00 | NOTE | |||
r-oldrel-windows-x86_64 | 0.2 | 34.00 | 85.00 | 119.00 | NOTE |
Version: 0.2
Check: LazyData
Result: NOTE
'LazyData' is specified without a 'data' directory
Flavors: r-devel-linux-x86_64-debian-clang, r-devel-linux-x86_64-debian-gcc, r-devel-linux-x86_64-fedora-clang, r-devel-linux-x86_64-fedora-gcc, r-prerel-macos-arm64, r-prerel-windows-x86_64, r-patched-linux-x86_64, r-release-linux-x86_64, r-release-macos-arm64, r-release-macos-x86_64, r-release-windows-x86_64, r-oldrel-macos-arm64, r-oldrel-windows-x86_64