Last updated on 2024-04-17 08:57:36 CEST.
Flavor | Version | Tinstall | Tcheck | Ttotal | Status | Flags |
---|---|---|---|---|---|---|
r-devel-linux-x86_64-debian-clang | 0.8.6 | 8.17 | 117.12 | 125.29 | OK | |
r-devel-linux-x86_64-debian-gcc | 0.8.6 | 7.06 | 90.46 | 97.52 | OK | |
r-devel-linux-x86_64-fedora-clang | 0.8.6 | 155.79 | NOTE | |||
r-devel-linux-x86_64-fedora-gcc | 0.8.6 | 172.75 | NOTE | |||
r-prerel-macos-arm64 | 0.8.6 | 57.00 | OK | |||
r-prerel-windows-x86_64 | 0.8.6 | 9.00 | 116.00 | 125.00 | OK | |
r-patched-linux-x86_64 | 0.8.6 | 5.97 | 113.05 | 119.02 | OK | |
r-release-linux-x86_64 | 0.8.6 | 5.34 | 112.87 | 118.21 | OK | |
r-release-macos-arm64 | 0.8.6 | 81.00 | OK | |||
r-release-macos-x86_64 | 0.8.6 | 116.00 | OK | |||
r-release-windows-x86_64 | 0.8.6 | 11.00 | 136.00 | 147.00 | OK | |
r-oldrel-macos-arm64 | 0.8.6 | 90.00 | OK | |||
r-oldrel-windows-x86_64 | 0.8.6 | 11.00 | 136.00 | 147.00 | OK |
Version: 0.8.6
Check: data for non-ASCII characters
Result: NOTE
Note: found 54 marked UTF-8 strings
Flavors: r-devel-linux-x86_64-fedora-clang, r-devel-linux-x86_64-fedora-gcc