CRAN Package Check Results for Package MazamaTimeSeries

Last updated on 2024-04-22 08:51:30 CEST.

Flavor Version Tinstall Tcheck Ttotal Status Flags
r-devel-linux-x86_64-debian-clang 0.3.0 11.47 92.82 104.29 OK
r-devel-linux-x86_64-debian-gcc 0.3.0 7.92 68.29 76.21 OK
r-devel-linux-x86_64-fedora-clang 0.3.0 136.22 NOTE
r-devel-linux-x86_64-fedora-gcc 0.3.0 146.22 NOTE
r-prerel-macos-arm64 0.3.0 50.00 OK
r-prerel-macos-x86_64 0.3.0 133.00 OK
r-prerel-windows-x86_64 0.3.0 9.00 116.00 125.00 OK
r-patched-linux-x86_64 0.3.0 6.10 85.26 91.36 OK
r-release-linux-x86_64 0.3.0 6.03 86.68 92.71 OK
r-release-macos-arm64 0.3.0 58.00 OK
r-release-macos-x86_64 0.3.0 119.00 OK
r-release-windows-x86_64 0.3.0 12.00 123.00 135.00 OK
r-oldrel-macos-arm64 0.3.0 47.00 OK
r-oldrel-windows-x86_64 0.3.0 13.00 122.00 135.00 OK

Check Details

Version: 0.3.0
Check: data for non-ASCII characters
Result: NOTE Note: found 1 marked UTF-8 string Flavors: r-devel-linux-x86_64-fedora-clang, r-devel-linux-x86_64-fedora-gcc