CRAN Package Check Results for Package MiDA

Last updated on 2021-07-25 08:51:02 CEST.

Flavor Version Tinstall Tcheck Ttotal Status Flags
r-devel-linux-x86_64-debian-clang 0.1.2 3.06 53.93 56.99 OK
r-devel-linux-x86_64-debian-gcc 0.1.2 2.30 42.13 44.43 OK
r-devel-linux-x86_64-fedora-clang 0.1.2 75.94 OK
r-devel-linux-x86_64-fedora-gcc 0.1.2 69.02 OK
r-devel-windows-x86_64 0.1.2 4.00 71.00 75.00 OK
r-devel-windows-x86_64-gcc10-UCRT 0.1.2 OK
r-patched-linux-x86_64 0.1.2 9.27 51.35 60.62 OK
r-patched-solaris-x86 0.1.2 98.70 OK
r-release-linux-x86_64 0.1.2 3.10 51.57 54.67 OK
r-release-macos-arm64 0.1.2 ERROR
r-release-macos-x86_64 0.1.2 OK
r-release-windows-ix86+x86_64 0.1.2 8.00 68.00 76.00 OK
r-oldrel-macos-x86_64 0.1.2 OK
r-oldrel-windows-ix86+x86_64 0.1.2 8.00 64.00 72.00 OK

Check Details

Version: 0.1.2
Check: package dependencies
Result: ERROR
    Package required but not available: ‘genefilter’
    
    See section ‘The DESCRIPTION file’ in the ‘Writing R Extensions’
    manual.
Flavor: r-release-macos-arm64