CRAN Package Check Results for Package MicroSEC

Last updated on 2021-05-06 08:49:27 CEST.

Flavor Version Tinstall Tcheck Ttotal Status Flags
r-devel-linux-x86_64-debian-clang 1.1.3 21.83 346.89 368.72 OK
r-devel-linux-x86_64-debian-gcc 1.1.3 17.15 262.96 280.11 OK
r-devel-linux-x86_64-fedora-clang 1.1.3 468.08 NOTE
r-devel-linux-x86_64-fedora-gcc 1.1.3 448.78 NOTE
r-devel-windows-ix86+x86_64 1.1.3 47.00 220.00 267.00 ERROR
r-devel-windows-x86_64-gcc10-UCRT 1.1.3 ERROR
r-patched-linux-x86_64 1.1.3 19.75 329.38 349.13 OK
r-patched-solaris-x86 1.1.3 808.40 NOTE
r-release-linux-x86_64 1.1.3 21.18 317.80 338.98 OK
r-release-macos-x86_64 1.1.3 NOTE
r-release-windows-ix86+x86_64 1.1.3 33.00 388.00 421.00 OK
r-oldrel-macos-x86_64 1.1.3 ERROR
r-oldrel-windows-ix86+x86_64 1.1.3 42.00 475.00 517.00 OK

Check Details

Version: 1.1.3
Check: dependencies in R code
Result: NOTE
    Namespaces in Imports field not imported from:
     ‘GenomicAlignments’ ‘R.utils’ ‘data.table’ ‘magrittr’ ‘tidyr’
     All declared Imports should be used.
Flavors: r-devel-linux-x86_64-fedora-clang, r-devel-linux-x86_64-fedora-gcc, r-devel-windows-x86_64-gcc10-UCRT, r-patched-solaris-x86, r-release-macos-x86_64

Version: 1.1.3
Check: examples
Result: ERROR
    Running examples in 'MicroSEC-Ex.R' failed
    The error most likely occurred in:
    
    > ### Name: fun_load_genome
    > ### Title: Genome loading function.
    > ### Aliases: fun_load_genome
    >
    > ### ** Examples
    >
    > fun_load_genome("Human")
    Warning: multiple methods tables found for 'export'
    Error: Install BSgenome.Hsapiens.UCSC.hg38 package.
    Execution halted
Flavor: r-devel-windows-ix86+x86_64

Version: 1.1.3
Check: re-building of vignette outputs
Result: WARN
    Error(s) in re-building vignettes:
    --- re-building 'my-vignette.Rmd' using rmarkdown
    Warning: multiple methods tables found for 'export'
    Quitting from lines 118-178 (my-vignette.Rmd)
    Error: processing vignette 'my-vignette.Rmd' failed with diagnostics:
    Install BSgenome.Hsapiens.UCSC.hg38 package.
    --- failed re-building 'my-vignette.Rmd'
    
    SUMMARY: processing the following file failed:
     'my-vignette.Rmd'
    
    Error: Vignette re-building failed.
    Execution halted
Flavor: r-devel-windows-ix86+x86_64

Version: 1.1.3
Check: package dependencies
Result: NOTE
    Packages suggested but not available for checking:
     'BSgenome.Hsapiens.UCSC.hg38', 'BSgenome.Mmusculus.UCSC.mm10'
Flavor: r-devel-windows-x86_64-gcc10-UCRT

Version: 1.1.3
Check: examples
Result: ERROR
    Running examples in 'MicroSEC-Ex.R' failed
    The error most likely occurred in:
    
    > ### Name: fun_load_genome
    > ### Title: Genome loading function.
    > ### Aliases: fun_load_genome
    >
    > ### ** Examples
    >
    > fun_load_genome("Human")
    Error: Install BSgenome.Hsapiens.UCSC.hg38 package.
    Execution halted
Flavor: r-devel-windows-x86_64-gcc10-UCRT

Version: 1.1.3
Check: re-building of vignette outputs
Result: WARN
    Error(s) in re-building vignettes:
     ...
    --- re-building 'my-vignette.Rmd' using rmarkdown
    Quitting from lines 118-178 (my-vignette.Rmd)
    Error: processing vignette 'my-vignette.Rmd' failed with diagnostics:
    Install BSgenome.Hsapiens.UCSC.hg38 package.
    --- failed re-building 'my-vignette.Rmd'
    
    SUMMARY: processing the following file failed:
     'my-vignette.Rmd'
    
    Error: Vignette re-building failed.
    Execution halted
Flavor: r-devel-windows-x86_64-gcc10-UCRT

Version: 1.1.3
Check: package dependencies
Result: NOTE
    Package suggested but not available for checking: ‘BSgenome.Mmusculus.UCSC.mm10’
Flavor: r-release-macos-x86_64

Version: 1.1.3
Check: package dependencies
Result: NOTE
    Packages suggested but not available for checking:
     'BSgenome.Hsapiens.UCSC.hg38', 'BSgenome.Hsapiens.UCSC.hg19',
     'BSgenome.Mmusculus.UCSC.mm10'
Flavor: r-oldrel-macos-x86_64

Version: 1.1.3
Check: whether package can be installed
Result: ERROR
    Installation failed.
Flavor: r-oldrel-macos-x86_64