Last updated on 2024-04-23 08:58:07 CEST.
Flavor | Version | Tinstall | Tcheck | Ttotal | Status | Flags |
---|---|---|---|---|---|---|
r-devel-linux-x86_64-debian-clang | 0.2.6 | 53.52 | 81.90 | 135.42 | NOTE | |
r-devel-linux-x86_64-debian-gcc | 0.2.6 | 52.70 | 60.39 | 113.09 | NOTE | |
r-devel-linux-x86_64-fedora-clang | 0.2.6 | 208.77 | NOTE | |||
r-devel-linux-x86_64-fedora-gcc | 0.2.6 | 226.47 | NOTE | |||
r-prerel-macos-arm64 | 0.2.6 | 55.00 | NOTE | |||
r-prerel-windows-x86_64 | 0.2.6 | 53.00 | 94.00 | 147.00 | NOTE | |
r-patched-linux-x86_64 | 0.2.6 | 60.14 | 79.48 | 139.62 | NOTE | |
r-release-linux-x86_64 | 0.2.6 | 64.75 | 76.19 | 140.94 | NOTE | |
r-release-macos-arm64 | 0.2.6 | 67.00 | NOTE | |||
r-release-macos-x86_64 | 0.2.6 | 98.00 | NOTE | |||
r-release-windows-x86_64 | 0.2.6 | 64.00 | 123.00 | 187.00 | NOTE | |
r-oldrel-macos-arm64 | 0.2.6 | 49.00 | OK | |||
r-oldrel-windows-x86_64 | 0.2.6 | 63.00 | 126.00 | 189.00 | OK |
Version: 0.2.6
Check: C++ specification
Result: NOTE
Specified C++11: please drop specification unless essential
Flavors: r-devel-linux-x86_64-debian-clang, r-devel-linux-x86_64-debian-gcc, r-devel-linux-x86_64-fedora-clang, r-devel-linux-x86_64-fedora-gcc, r-prerel-macos-arm64, r-prerel-windows-x86_64, r-patched-linux-x86_64, r-release-linux-x86_64, r-release-macos-arm64, r-release-macos-x86_64, r-release-windows-x86_64